{"id":57035,"date":"2025-07-29T13:35:16","date_gmt":"2025-07-29T11:35:16","guid":{"rendered":"https:\/\/www.vilademuro.net\/event\/vine-i-informat-de-la-stu\/"},"modified":"2025-07-29T13:37:27","modified_gmt":"2025-07-29T11:37:27","slug":"vine-i-informat-de-la-stu","status":"publish","type":"tribe_events","link":"https:\/\/www.vilademuro.net\/es\/event\/vine-i-informat-de-la-stu\/","title":{"rendered":"Ven e informate de la STU+"},"content":{"rendered":"<div data-contents=\"true\">\n<p data-start=\"0\" data-end=\"99\">? \u00bfYa te has matriculado para el curso\u202f2025\/2026?<br data-start=\"50\" data-end=\"53\" \/>? \u00a1Es hora de ponerte en marcha con <strong data-start=\"90\" data-end=\"98\">STU+<\/strong>!<\/p>\n<p data-start=\"101\" data-end=\"293\">? Si est\u00e1s empadronado\/a en <strong data-start=\"130\" data-end=\"138\">Muro<\/strong> o en cualquier municipio de la <strong data-start=\"170\" data-end=\"210\">Mancomunitat de l\u2019Alcoi\u00e0 i el Comtat<\/strong>, ya puedes <strong data-start=\"222\" data-end=\"245\">renovar o solicitar<\/strong> tu tarjeta de transporte universitario o de FP.<\/p>\n<p data-start=\"295\" data-end=\"427\">? En Muro te ayudamos a hacerlo: te explicamos c\u00f3mo funciona el servicio, c\u00f3mo solicitar la tarjeta o renovarla y qu\u00e9 pasos seguir.<\/p>\n<p data-start=\"429\" data-end=\"546\">? <strong data-start=\"432\" data-end=\"461\">D\u00edas de atenci\u00f3n en Muro:<\/strong><br data-start=\"461\" data-end=\"464\" \/>28, 29, 30 y 31\u202fde\u202fjulio<br data-start=\"488\" data-end=\"491\" \/>5 y 6\u202fde\u202fagosto<br data-start=\"506\" data-end=\"509\" \/>? De <strong data-start=\"515\" data-end=\"527\">8 a 10\u202fh<\/strong> y de <strong data-start=\"533\" data-end=\"546\">11 a 13\u202fh<\/strong><\/p>\n<p data-start=\"548\" data-end=\"665\">? Tambi\u00e9n puedes enviar un WhatsApp al <strong data-start=\"588\" data-end=\"603\">655\u202f433\u202f537<\/strong> y solicitar cita si no puedes venir en esas franjas horarias.<\/p>\n<p data-start=\"667\" data-end=\"770\" data-is-last-node=\"\" data-is-only-node=\"\">? Toda la informaci\u00f3n y acceso a los tr\u00e1mites aqu\u00ed:<br data-start=\"719\" data-end=\"722\" \/>?\u202flamancomunitat.org\/transport-universitari-stu<\/p>\n<div data-offset-key=\"e71vg-0-0\"><img loading=\"lazy\" decoding=\"async\" class=\"alignnone wp-image-57031 size-large\" src=\"https:\/\/www.vilademuro.net\/wp-content\/uploads\/2025\/07\/stu-Muro-bus-819x1024.png\" alt=\"\" width=\"819\" height=\"1024\" \/><\/div>\n<\/div>\n","protected":false},"excerpt":{"rendered":"<p>? \u00bfYa te has matriculado para el curso\u202f2025\/2026?? \u00a1Es hora de ponerte en marcha con STU+! ? Si est\u00e1s empadronado\/a en Muro o en cualquier municipio de la Mancomunitat de [&hellip;]<\/p>\n","protected":false},"author":32,"featured_media":57032,"template":"","meta":{"_et_pb_use_builder":"","_et_pb_old_content":"","_et_gb_content_width":"","_tribe_events_status":"","_tribe_events_status_reason":"","_tribe_events_is_hybrid":"","_tribe_events_is_virtual":"","_tribe_events_virtual_video_source":"","_tribe_events_virtual_embed_video":"","_tribe_events_virtual_linked_button_text":"","_tribe_events_virtual_linked_button":"","_tribe_events_virtual_show_embed_at":"","_tribe_events_virtual_show_embed_to":[],"_tribe_events_virtual_show_on_event":"","_tribe_events_virtual_show_on_views":"","_tribe_events_virtual_url":"","footnotes":""},"tags":[],"tribe_events_cat":[],"class_list":["post-57035","tribe_events","type-tribe_events","status-publish","has-post-thumbnail","hentry"],"yoast_head":"<!-- This site is optimized with the Yoast SEO plugin v27.1.1 - https:\/\/yoast.com\/product\/yoast-seo-wordpress\/ -->\n<title>Ven e informate de la STU+ | Ajuntament de Muro<\/title>\n<meta name=\"robots\" content=\"index, follow, max-snippet:-1, max-image-preview:large, max-video-preview:-1\" \/>\n<link rel=\"canonical\" href=\"https:\/\/www.vilademuro.net\/es\/event\/vine-i-informat-de-la-stu\/\" \/>\n<meta property=\"og:locale\" content=\"es_ES\" \/>\n<meta property=\"og:type\" content=\"article\" \/>\n<meta property=\"og:title\" content=\"Ven e informate de la STU+ | Ajuntament de Muro\" \/>\n<meta property=\"og:description\" content=\"? \u00bfYa te has matriculado para el curso\u202f2025\/2026?? \u00a1Es hora de ponerte en marcha con STU+! ? Si est\u00e1s empadronado\/a en Muro o en cualquier municipio de la Mancomunitat de [&hellip;]\" \/>\n<meta property=\"og:url\" content=\"https:\/\/www.vilademuro.net\/es\/event\/vine-i-informat-de-la-stu\/\" \/>\n<meta property=\"og:site_name\" content=\"Ajuntament de Muro\" \/>\n<meta property=\"article:publisher\" content=\"https:\/\/www.facebook.com\/murodealcoy\" \/>\n<meta property=\"article:modified_time\" content=\"2025-07-29T11:37:27+00:00\" \/>\n<meta property=\"og:image\" content=\"https:\/\/www.vilademuro.net\/wp-content\/uploads\/2025\/07\/stu-Muro-bus.png\" \/>\n\t<meta property=\"og:image:width\" content=\"1080\" \/>\n\t<meta property=\"og:image:height\" content=\"1350\" \/>\n\t<meta property=\"og:image:type\" content=\"image\/png\" \/>\n<meta name=\"twitter:card\" content=\"summary_large_image\" \/>\n<meta name=\"twitter:site\" content=\"@AjuntamentMuro\" \/>\n<meta name=\"twitter:label1\" content=\"Tiempo de lectura\" \/>\n\t<meta name=\"twitter:data1\" content=\"2 minutos\" \/>\n<script type=\"application\/ld+json\" class=\"yoast-schema-graph\">{\"@context\":\"https:\/\/schema.org\",\"@graph\":[{\"@type\":\"WebPage\",\"@id\":\"https:\/\/www.vilademuro.net\/es\/event\/vine-i-informat-de-la-stu\/\",\"url\":\"https:\/\/www.vilademuro.net\/es\/event\/vine-i-informat-de-la-stu\/\",\"name\":\"Ven e informate de la STU+ | Ajuntament de Muro\",\"isPartOf\":{\"@id\":\"https:\/\/www.vilademuro.net\/es\/#website\"},\"primaryImageOfPage\":{\"@id\":\"https:\/\/www.vilademuro.net\/es\/event\/vine-i-informat-de-la-stu\/#primaryimage\"},\"image\":{\"@id\":\"https:\/\/www.vilademuro.net\/es\/event\/vine-i-informat-de-la-stu\/#primaryimage\"},\"thumbnailUrl\":\"https:\/\/www.vilademuro.net\/wp-content\/uploads\/2025\/07\/stu-Muro-bus.png\",\"datePublished\":\"2025-07-29T11:35:16+00:00\",\"dateModified\":\"2025-07-29T11:37:27+00:00\",\"breadcrumb\":{\"@id\":\"https:\/\/www.vilademuro.net\/es\/event\/vine-i-informat-de-la-stu\/#breadcrumb\"},\"inLanguage\":\"es\",\"potentialAction\":[{\"@type\":\"ReadAction\",\"target\":[\"https:\/\/www.vilademuro.net\/es\/event\/vine-i-informat-de-la-stu\/\"]}]},{\"@type\":\"ImageObject\",\"inLanguage\":\"es\",\"@id\":\"https:\/\/www.vilademuro.net\/es\/event\/vine-i-informat-de-la-stu\/#primaryimage\",\"url\":\"https:\/\/www.vilademuro.net\/wp-content\/uploads\/2025\/07\/stu-Muro-bus.png\",\"contentUrl\":\"https:\/\/www.vilademuro.net\/wp-content\/uploads\/2025\/07\/stu-Muro-bus.png\",\"width\":1080,\"height\":1350},{\"@type\":\"BreadcrumbList\",\"@id\":\"https:\/\/www.vilademuro.net\/es\/event\/vine-i-informat-de-la-stu\/#breadcrumb\",\"itemListElement\":[{\"@type\":\"ListItem\",\"position\":1,\"name\":\"Inici\",\"item\":\"https:\/\/www.vilademuro.net\/es\/\"},{\"@type\":\"ListItem\",\"position\":2,\"name\":\"Eventos\",\"item\":\"https:\/\/www.vilademuro.net\/es\/events\/\"},{\"@type\":\"ListItem\",\"position\":3,\"name\":\"Ven e informate de la STU+\"}]},{\"@type\":\"WebSite\",\"@id\":\"https:\/\/www.vilademuro.net\/es\/#website\",\"url\":\"https:\/\/www.vilademuro.net\/es\/\",\"name\":\"Ajuntament de Muro d'Alcoi\",\"description\":\"P\u00e1gina web oficial de l&#039;Ajuntament de Muro\",\"publisher\":{\"@id\":\"https:\/\/www.vilademuro.net\/es\/#organization\"},\"potentialAction\":[{\"@type\":\"SearchAction\",\"target\":{\"@type\":\"EntryPoint\",\"urlTemplate\":\"https:\/\/www.vilademuro.net\/es\/?s={search_term_string}\"},\"query-input\":{\"@type\":\"PropertyValueSpecification\",\"valueRequired\":true,\"valueName\":\"search_term_string\"}}],\"inLanguage\":\"es\"},{\"@type\":\"Organization\",\"@id\":\"https:\/\/www.vilademuro.net\/es\/#organization\",\"name\":\"Ajuntament de Muro\",\"url\":\"https:\/\/www.vilademuro.net\/es\/\",\"logo\":{\"@type\":\"ImageObject\",\"inLanguage\":\"es\",\"@id\":\"https:\/\/www.vilademuro.net\/es\/#\/schema\/logo\/image\/\",\"url\":\"https:\/\/www.vilademuro.net\/wp-content\/uploads\/2022\/10\/LOGO3-2.jpg\",\"contentUrl\":\"https:\/\/www.vilademuro.net\/wp-content\/uploads\/2022\/10\/LOGO3-2.jpg\",\"width\":756,\"height\":517,\"caption\":\"Ajuntament de Muro\"},\"image\":{\"@id\":\"https:\/\/www.vilademuro.net\/es\/#\/schema\/logo\/image\/\"},\"sameAs\":[\"https:\/\/www.facebook.com\/murodealcoy\",\"https:\/\/x.com\/AjuntamentMuro\",\"https:\/\/www.youtube.com\/channel\/UC2rwbKfRqsd1Ncwm6Y1prQw\"]}]}<\/script>\n<!-- \/ Yoast SEO plugin. -->","yoast_head_json":{"title":"Ven e informate de la STU+ | Ajuntament de Muro","robots":{"index":"index","follow":"follow","max-snippet":"max-snippet:-1","max-image-preview":"max-image-preview:large","max-video-preview":"max-video-preview:-1"},"canonical":"https:\/\/www.vilademuro.net\/es\/event\/vine-i-informat-de-la-stu\/","og_locale":"es_ES","og_type":"article","og_title":"Ven e informate de la STU+ | Ajuntament de Muro","og_description":"? \u00bfYa te has matriculado para el curso\u202f2025\/2026?? \u00a1Es hora de ponerte en marcha con STU+! ? Si est\u00e1s empadronado\/a en Muro o en cualquier municipio de la Mancomunitat de [&hellip;]","og_url":"https:\/\/www.vilademuro.net\/es\/event\/vine-i-informat-de-la-stu\/","og_site_name":"Ajuntament de Muro","article_publisher":"https:\/\/www.facebook.com\/murodealcoy","article_modified_time":"2025-07-29T11:37:27+00:00","og_image":[{"width":1080,"height":1350,"url":"https:\/\/www.vilademuro.net\/wp-content\/uploads\/2025\/07\/stu-Muro-bus.png","type":"image\/png"}],"twitter_card":"summary_large_image","twitter_site":"@AjuntamentMuro","twitter_misc":{"Tiempo de lectura":"2 minutos"},"schema":{"@context":"https:\/\/schema.org","@graph":[{"@type":"WebPage","@id":"https:\/\/www.vilademuro.net\/es\/event\/vine-i-informat-de-la-stu\/","url":"https:\/\/www.vilademuro.net\/es\/event\/vine-i-informat-de-la-stu\/","name":"Ven e informate de la STU+ | Ajuntament de Muro","isPartOf":{"@id":"https:\/\/www.vilademuro.net\/es\/#website"},"primaryImageOfPage":{"@id":"https:\/\/www.vilademuro.net\/es\/event\/vine-i-informat-de-la-stu\/#primaryimage"},"image":{"@id":"https:\/\/www.vilademuro.net\/es\/event\/vine-i-informat-de-la-stu\/#primaryimage"},"thumbnailUrl":"https:\/\/www.vilademuro.net\/wp-content\/uploads\/2025\/07\/stu-Muro-bus.png","datePublished":"2025-07-29T11:35:16+00:00","dateModified":"2025-07-29T11:37:27+00:00","breadcrumb":{"@id":"https:\/\/www.vilademuro.net\/es\/event\/vine-i-informat-de-la-stu\/#breadcrumb"},"inLanguage":"es","potentialAction":[{"@type":"ReadAction","target":["https:\/\/www.vilademuro.net\/es\/event\/vine-i-informat-de-la-stu\/"]}]},{"@type":"ImageObject","inLanguage":"es","@id":"https:\/\/www.vilademuro.net\/es\/event\/vine-i-informat-de-la-stu\/#primaryimage","url":"https:\/\/www.vilademuro.net\/wp-content\/uploads\/2025\/07\/stu-Muro-bus.png","contentUrl":"https:\/\/www.vilademuro.net\/wp-content\/uploads\/2025\/07\/stu-Muro-bus.png","width":1080,"height":1350},{"@type":"BreadcrumbList","@id":"https:\/\/www.vilademuro.net\/es\/event\/vine-i-informat-de-la-stu\/#breadcrumb","itemListElement":[{"@type":"ListItem","position":1,"name":"Inici","item":"https:\/\/www.vilademuro.net\/es\/"},{"@type":"ListItem","position":2,"name":"Eventos","item":"https:\/\/www.vilademuro.net\/es\/events\/"},{"@type":"ListItem","position":3,"name":"Ven e informate de la STU+"}]},{"@type":"WebSite","@id":"https:\/\/www.vilademuro.net\/es\/#website","url":"https:\/\/www.vilademuro.net\/es\/","name":"Ajuntament de Muro d'Alcoi","description":"P\u00e1gina web oficial de l&#039;Ajuntament de Muro","publisher":{"@id":"https:\/\/www.vilademuro.net\/es\/#organization"},"potentialAction":[{"@type":"SearchAction","target":{"@type":"EntryPoint","urlTemplate":"https:\/\/www.vilademuro.net\/es\/?s={search_term_string}"},"query-input":{"@type":"PropertyValueSpecification","valueRequired":true,"valueName":"search_term_string"}}],"inLanguage":"es"},{"@type":"Organization","@id":"https:\/\/www.vilademuro.net\/es\/#organization","name":"Ajuntament de Muro","url":"https:\/\/www.vilademuro.net\/es\/","logo":{"@type":"ImageObject","inLanguage":"es","@id":"https:\/\/www.vilademuro.net\/es\/#\/schema\/logo\/image\/","url":"https:\/\/www.vilademuro.net\/wp-content\/uploads\/2022\/10\/LOGO3-2.jpg","contentUrl":"https:\/\/www.vilademuro.net\/wp-content\/uploads\/2022\/10\/LOGO3-2.jpg","width":756,"height":517,"caption":"Ajuntament de Muro"},"image":{"@id":"https:\/\/www.vilademuro.net\/es\/#\/schema\/logo\/image\/"},"sameAs":["https:\/\/www.facebook.com\/murodealcoy","https:\/\/x.com\/AjuntamentMuro","https:\/\/www.youtube.com\/channel\/UC2rwbKfRqsd1Ncwm6Y1prQw"]}]}},"_links":{"self":[{"href":"https:\/\/www.vilademuro.net\/es\/wp-json\/wp\/v2\/tribe_events\/57035","targetHints":{"allow":["GET"]}}],"collection":[{"href":"https:\/\/www.vilademuro.net\/es\/wp-json\/wp\/v2\/tribe_events"}],"about":[{"href":"https:\/\/www.vilademuro.net\/es\/wp-json\/wp\/v2\/types\/tribe_events"}],"author":[{"embeddable":true,"href":"https:\/\/www.vilademuro.net\/es\/wp-json\/wp\/v2\/users\/32"}],"version-history":[{"count":2,"href":"https:\/\/www.vilademuro.net\/es\/wp-json\/wp\/v2\/tribe_events\/57035\/revisions"}],"predecessor-version":[{"id":57037,"href":"https:\/\/www.vilademuro.net\/es\/wp-json\/wp\/v2\/tribe_events\/57035\/revisions\/57037"}],"wp:featuredmedia":[{"embeddable":true,"href":"https:\/\/www.vilademuro.net\/es\/wp-json\/wp\/v2\/media\/57032"}],"wp:attachment":[{"href":"https:\/\/www.vilademuro.net\/es\/wp-json\/wp\/v2\/media?parent=57035"}],"wp:term":[{"taxonomy":"post_tag","embeddable":true,"href":"https:\/\/www.vilademuro.net\/es\/wp-json\/wp\/v2\/tags?post=57035"},{"taxonomy":"tribe_events_cat","embeddable":true,"href":"https:\/\/www.vilademuro.net\/es\/wp-json\/wp\/v2\/tribe_events_cat?post=57035"}],"curies":[{"name":"wp","href":"https:\/\/api.w.org\/{rel}","templated":true}]}}

<div data-contents="true">
<p data-start="0" data-end="99">? ¿Ya te has matriculado para el curso 2025/2026?<br data-start="50" data-end="53" />? ¡Es hora de ponerte en marcha con <strong data-start="90" data-end="98">STU+</strong>!</p>
<p data-start="101" data-end="293">? Si estás empadronado/a en <strong data-start="130" data-end="138">Muro</strong> o en cualquier municipio de la <strong data-start="170" data-end="210">Mancomunitat de l’Alcoià i el Comtat</strong>, ya puedes <strong data-start="222" data-end="245">renovar o solicitar</strong> tu tarjeta de transporte universitario o de FP.</p>
<p data-start="295" data-end="427">? En Muro te ayudamos a hacerlo: te explicamos cómo funciona el servicio, cómo solicitar la tarjeta o renovarla y qué pasos seguir.</p>
<p data-start="429" data-end="546">? <strong data-start="432" data-end="461">Días de atención en Muro:</strong><br data-start="461" data-end="464" />28, 29, 30 y 31 de julio<br data-start="488" data-end="491" />5 y 6 de agosto<br data-start="506" data-end="509" />? De <strong data-start="515" data-end="527">8 a 10 h</strong> y de <strong data-start="533" data-end="546">11 a 13 h</strong></p>
<p data-start="548" data-end="665">? También puedes enviar un WhatsApp al <strong data-start="588" data-end="603">655 433 537</strong> y solicitar cita si no puedes venir en esas franjas horarias.</p>
<p data-start="667" data-end="770" data-is-last-node="" data-is-only-node="">? Toda la información y acceso a los trámites aquí:<br data-start="719" data-end="722" />? lamancomunitat.org/transport-universitari-stu</p>
<div data-offset-key="e71vg-0-0"><img loading="lazy" decoding="async" class="alignnone wp-image-57031 size-large" src="https://www.vilademuro.net/wp-content/uploads/2025/07/stu-Muro-bus-819x1024.png" alt="" width="819" height="1024" /></div>
</div>

<p>? ¿Ya te has matriculado para el curso 2025/2026?? ¡Es hora de ponerte en marcha con STU+! ? Si estás empadronado/a en Muro o en cualquier municipio de la Mancomunitat de [&hellip;]</p>

<!-- This site is optimized with the Yoast SEO plugin v27.1.1 - https://yoast.com/product/yoast-seo-wordpress/ -->
<title>Ven e informate de la STU+ | Ajuntament de Muro</title>
<meta name="robots" content="index, follow, max-snippet:-1, max-image-preview:large, max-video-preview:-1" />
<link rel="canonical" href="https://www.vilademuro.net/es/event/vine-i-informat-de-la-stu/" />
<meta property="og:locale" content="es_ES" />
<meta property="og:type" content="article" />
<meta property="og:title" content="Ven e informate de la STU+ | Ajuntament de Muro" />
<meta property="og:description" content="? ¿Ya te has matriculado para el curso 2025/2026?? ¡Es hora de ponerte en marcha con STU+! ? Si estás empadronado/a en Muro o en cualquier municipio de la Mancomunitat de [&hellip;]" />
<meta property="og:url" content="https://www.vilademuro.net/es/event/vine-i-informat-de-la-stu/" />
<meta property="og:site_name" content="Ajuntament de Muro" />
<meta property="article:publisher" content="https://www.facebook.com/murodealcoy" />
<meta property="article:modified_time" content="2025-07-29T11:37:27+00:00" />
<meta property="og:image" content="https://www.vilademuro.net/wp-content/uploads/2025/07/stu-Muro-bus.png" />
	<meta property="og:image:width" content="1080" />
	<meta property="og:image:height" content="1350" />
	<meta property="og:image:type" content="image/png" />
<meta name="twitter:card" content="summary_large_image" />
<meta name="twitter:site" content="@AjuntamentMuro" />
<meta name="twitter:label1" content="Tiempo de lectura" />
	<meta name="twitter:data1" content="2 minutos" />
<script type="application/ld+json" class="yoast-schema-graph">{"@context":"https://schema.org","@graph":[{"@type":"WebPage","@id":"https://www.vilademuro.net/es/event/vine-i-informat-de-la-stu/","url":"https://www.vilademuro.net/es/event/vine-i-informat-de-la-stu/","name":"Ven e informate de la STU+ | Ajuntament de Muro","isPartOf":{"@id":"https://www.vilademuro.net/es/#website"},"primaryImageOfPage":{"@id":"https://www.vilademuro.net/es/event/vine-i-informat-de-la-stu/#primaryimage"},"image":{"@id":"https://www.vilademuro.net/es/event/vine-i-informat-de-la-stu/#primaryimage"},"thumbnailUrl":"https://www.vilademuro.net/wp-content/uploads/2025/07/stu-Muro-bus.png","datePublished":"2025-07-29T11:35:16+00:00","dateModified":"2025-07-29T11:37:27+00:00","breadcrumb":{"@id":"https://www.vilademuro.net/es/event/vine-i-informat-de-la-stu/#breadcrumb"},"inLanguage":"es","potentialAction":[{"@type":"ReadAction","target":["https://www.vilademuro.net/es/event/vine-i-informat-de-la-stu/"]}]},{"@type":"ImageObject","inLanguage":"es","@id":"https://www.vilademuro.net/es/event/vine-i-informat-de-la-stu/#primaryimage","url":"https://www.vilademuro.net/wp-content/uploads/2025/07/stu-Muro-bus.png","contentUrl":"https://www.vilademuro.net/wp-content/uploads/2025/07/stu-Muro-bus.png","width":1080,"height":1350},{"@type":"BreadcrumbList","@id":"https://www.vilademuro.net/es/event/vine-i-informat-de-la-stu/#breadcrumb","itemListElement":[{"@type":"ListItem","position":1,"name":"Inici","item":"https://www.vilademuro.net/es/"},{"@type":"ListItem","position":2,"name":"Eventos","item":"https://www.vilademuro.net/es/events/"},{"@type":"ListItem","position":3,"name":"Ven e informate de la STU+"}]},{"@type":"WebSite","@id":"https://www.vilademuro.net/es/#website","url":"https://www.vilademuro.net/es/","name":"Ajuntament de Muro d'Alcoi","description":"Página web oficial de l&#039;Ajuntament de Muro","publisher":{"@id":"https://www.vilademuro.net/es/#organization"},"potentialAction":[{"@type":"SearchAction","target":{"@type":"EntryPoint","urlTemplate":"https://www.vilademuro.net/es/?s={search_term_string}"},"query-input":{"@type":"PropertyValueSpecification","valueRequired":true,"valueName":"search_term_string"}}],"inLanguage":"es"},{"@type":"Organization","@id":"https://www.vilademuro.net/es/#organization","name":"Ajuntament de Muro","url":"https://www.vilademuro.net/es/","logo":{"@type":"ImageObject","inLanguage":"es","@id":"https://www.vilademuro.net/es/#/schema/logo/image/","url":"https://www.vilademuro.net/wp-content/uploads/2022/10/LOGO3-2.jpg","contentUrl":"https://www.vilademuro.net/wp-content/uploads/2022/10/LOGO3-2.jpg","width":756,"height":517,"caption":"Ajuntament de Muro"},"image":{"@id":"https://www.vilademuro.net/es/#/schema/logo/image/"},"sameAs":["https://www.facebook.com/murodealcoy","https://x.com/AjuntamentMuro","https://www.youtube.com/channel/UC2rwbKfRqsd1Ncwm6Y1prQw"]}]}</script>
<!-- / Yoast SEO plugin. -->

? ¿Ya te has matriculado para el curso 2025/2026?? ¡Es hora de ponerte en marcha con STU+! ? Si estás empadronado/a en Muro o en cualquier municipio de la Mancomunitat de [&hellip;]

Página web oficial de l&#039;Ajuntament de Muro
