{"id":56959,"date":"2025-07-21T13:26:02","date_gmt":"2025-07-21T11:26:02","guid":{"rendered":"https:\/\/www.vilademuro.net\/event\/festa-estelles\/"},"modified":"2025-09-02T10:24:05","modified_gmt":"2025-09-02T08:24:05","slug":"festa-estelles","status":"publish","type":"tribe_events","link":"https:\/\/www.vilademuro.net\/es\/event\/festa-estelles\/","title":{"rendered":"Festa Estell\u00e9s"},"content":{"rendered":"<p data-start=\"0\" data-end=\"291\">? <strong data-start=\"3\" data-end=\"62\">5 de septiembre \u2013 Plaza de la Iglesia (Muro)<\/strong><br data-start=\"62\" data-end=\"65\" data-is-only-node=\"\" \/>? <strong data-start=\"68\" data-end=\"79\">21:15\u202fh<\/strong>\u202f\u202fLectura de poemas de Vicent\u202fAndr\u00e9s\u202fEstell\u00e9s<br data-start=\"124\" data-end=\"127\" \/>? <strong data-start=\"130\" data-end=\"141\">21:30\u202fh<\/strong>\u202f\u202fCena de sobaquillo (\u00a1trae tu bocadillo!)<br data-start=\"183\" data-end=\"186\" \/>? <strong data-start=\"189\" data-end=\"200\">22:30\u202fh<\/strong>\u202f\u202fRecital sobre la vida y la obra de Estell\u00e9s con <strong data-start=\"250\" data-end=\"269\">Carles\u202fLlinares<\/strong> y <strong data-start=\"272\" data-end=\"291\">Jordi\u202fCarbonell<\/strong><\/p>\n<p data-start=\"293\" data-end=\"365\" data-is-last-node=\"\" data-is-only-node=\"\">\u00a1Ven a celebrar la <strong data-start=\"312\" data-end=\"331\">Festa Estell\u00e9s<\/strong>: poes\u00eda, m\u00fasica y buena compa\u00f1\u00eda!<\/p>\n<p>&nbsp;<\/p>\n<p data-start=\"446\" data-end=\"536\"><img loading=\"lazy\" decoding=\"async\" class=\"alignnone size-medium wp-image-56956\" src=\"https:\/\/www.vilademuro.net\/wp-content\/uploads\/2025\/07\/festa-Estelles-Turballos-212x300.jpeg\" alt=\"\" width=\"212\" height=\"300\" \/><\/p>\n","protected":false},"excerpt":{"rendered":"<p>? 5 de septiembre \u2013 Plaza de la Iglesia (Muro)? 21:15\u202fh\u202f\u202fLectura de poemas de Vicent\u202fAndr\u00e9s\u202fEstell\u00e9s? 21:30\u202fh\u202f\u202fCena de sobaquillo (\u00a1trae tu bocadillo!)? 22:30\u202fh\u202f\u202fRecital sobre la vida y la obra de Estell\u00e9s [&hellip;]<\/p>\n","protected":false},"author":32,"featured_media":56957,"template":"","meta":{"_et_pb_use_builder":"","_et_pb_old_content":"","_et_gb_content_width":"","_tribe_events_status":"","_tribe_events_status_reason":"","_tribe_events_is_hybrid":"","_tribe_events_is_virtual":"","_tribe_events_virtual_video_source":"","_tribe_events_virtual_embed_video":"","_tribe_events_virtual_linked_button_text":"","_tribe_events_virtual_linked_button":"","_tribe_events_virtual_show_embed_at":"","_tribe_events_virtual_show_embed_to":[],"_tribe_events_virtual_show_on_event":"","_tribe_events_virtual_show_on_views":"","_tribe_events_virtual_url":"","footnotes":""},"tags":[],"tribe_events_cat":[],"class_list":["post-56959","tribe_events","type-tribe_events","status-publish","has-post-thumbnail","hentry"],"yoast_head":"<!-- This site is optimized with the Yoast SEO plugin v27.1.1 - https:\/\/yoast.com\/product\/yoast-seo-wordpress\/ -->\n<title>Festa Estell\u00e9s | Ajuntament de Muro<\/title>\n<meta name=\"robots\" content=\"index, follow, max-snippet:-1, max-image-preview:large, max-video-preview:-1\" \/>\n<link rel=\"canonical\" href=\"https:\/\/www.vilademuro.net\/es\/event\/festa-estelles\/\" \/>\n<meta property=\"og:locale\" content=\"es_ES\" \/>\n<meta property=\"og:type\" content=\"article\" \/>\n<meta property=\"og:title\" content=\"Festa Estell\u00e9s | Ajuntament de Muro\" \/>\n<meta property=\"og:description\" content=\"? 5 de septiembre \u2013 Plaza de la Iglesia (Muro)? 21:15\u202fh\u202f\u202fLectura de poemas de Vicent\u202fAndr\u00e9s\u202fEstell\u00e9s? 21:30\u202fh\u202f\u202fCena de sobaquillo (\u00a1trae tu bocadillo!)? 22:30\u202fh\u202f\u202fRecital sobre la vida y la obra de Estell\u00e9s [&hellip;]\" \/>\n<meta property=\"og:url\" content=\"https:\/\/www.vilademuro.net\/es\/event\/festa-estelles\/\" \/>\n<meta property=\"og:site_name\" content=\"Ajuntament de Muro\" \/>\n<meta property=\"article:publisher\" content=\"https:\/\/www.facebook.com\/murodealcoy\" \/>\n<meta property=\"article:modified_time\" content=\"2025-09-02T08:24:05+00:00\" \/>\n<meta property=\"og:image\" content=\"https:\/\/www.vilademuro.net\/wp-content\/uploads\/2025\/07\/festa-Estelles-Turballos.jpeg\" \/>\n\t<meta property=\"og:image:width\" content=\"1131\" \/>\n\t<meta property=\"og:image:height\" content=\"1600\" \/>\n\t<meta property=\"og:image:type\" content=\"image\/jpeg\" \/>\n<meta name=\"twitter:card\" content=\"summary_large_image\" \/>\n<meta name=\"twitter:site\" content=\"@AjuntamentMuro\" \/>\n<meta name=\"twitter:label1\" content=\"Tiempo de lectura\" \/>\n\t<meta name=\"twitter:data1\" content=\"1 minuto\" \/>\n<script type=\"application\/ld+json\" class=\"yoast-schema-graph\">{\"@context\":\"https:\/\/schema.org\",\"@graph\":[{\"@type\":\"WebPage\",\"@id\":\"https:\/\/www.vilademuro.net\/es\/event\/festa-estelles\/\",\"url\":\"https:\/\/www.vilademuro.net\/es\/event\/festa-estelles\/\",\"name\":\"Festa Estell\u00e9s | Ajuntament de Muro\",\"isPartOf\":{\"@id\":\"https:\/\/www.vilademuro.net\/es\/#website\"},\"primaryImageOfPage\":{\"@id\":\"https:\/\/www.vilademuro.net\/es\/event\/festa-estelles\/#primaryimage\"},\"image\":{\"@id\":\"https:\/\/www.vilademuro.net\/es\/event\/festa-estelles\/#primaryimage\"},\"thumbnailUrl\":\"https:\/\/www.vilademuro.net\/wp-content\/uploads\/2025\/07\/festa-Estelles-Turballos.jpeg\",\"datePublished\":\"2025-07-21T11:26:02+00:00\",\"dateModified\":\"2025-09-02T08:24:05+00:00\",\"breadcrumb\":{\"@id\":\"https:\/\/www.vilademuro.net\/es\/event\/festa-estelles\/#breadcrumb\"},\"inLanguage\":\"es\",\"potentialAction\":[{\"@type\":\"ReadAction\",\"target\":[\"https:\/\/www.vilademuro.net\/es\/event\/festa-estelles\/\"]}]},{\"@type\":\"ImageObject\",\"inLanguage\":\"es\",\"@id\":\"https:\/\/www.vilademuro.net\/es\/event\/festa-estelles\/#primaryimage\",\"url\":\"https:\/\/www.vilademuro.net\/wp-content\/uploads\/2025\/07\/festa-Estelles-Turballos.jpeg\",\"contentUrl\":\"https:\/\/www.vilademuro.net\/wp-content\/uploads\/2025\/07\/festa-Estelles-Turballos.jpeg\",\"width\":1131,\"height\":1600},{\"@type\":\"BreadcrumbList\",\"@id\":\"https:\/\/www.vilademuro.net\/es\/event\/festa-estelles\/#breadcrumb\",\"itemListElement\":[{\"@type\":\"ListItem\",\"position\":1,\"name\":\"Inici\",\"item\":\"https:\/\/www.vilademuro.net\/es\/\"},{\"@type\":\"ListItem\",\"position\":2,\"name\":\"Eventos\",\"item\":\"https:\/\/www.vilademuro.net\/es\/events\/\"},{\"@type\":\"ListItem\",\"position\":3,\"name\":\"Festa Estell\u00e9s\"}]},{\"@type\":\"WebSite\",\"@id\":\"https:\/\/www.vilademuro.net\/es\/#website\",\"url\":\"https:\/\/www.vilademuro.net\/es\/\",\"name\":\"Ajuntament de Muro d'Alcoi\",\"description\":\"P\u00e1gina web oficial de l&#039;Ajuntament de Muro\",\"publisher\":{\"@id\":\"https:\/\/www.vilademuro.net\/es\/#organization\"},\"potentialAction\":[{\"@type\":\"SearchAction\",\"target\":{\"@type\":\"EntryPoint\",\"urlTemplate\":\"https:\/\/www.vilademuro.net\/es\/?s={search_term_string}\"},\"query-input\":{\"@type\":\"PropertyValueSpecification\",\"valueRequired\":true,\"valueName\":\"search_term_string\"}}],\"inLanguage\":\"es\"},{\"@type\":\"Organization\",\"@id\":\"https:\/\/www.vilademuro.net\/es\/#organization\",\"name\":\"Ajuntament de Muro\",\"url\":\"https:\/\/www.vilademuro.net\/es\/\",\"logo\":{\"@type\":\"ImageObject\",\"inLanguage\":\"es\",\"@id\":\"https:\/\/www.vilademuro.net\/es\/#\/schema\/logo\/image\/\",\"url\":\"https:\/\/www.vilademuro.net\/wp-content\/uploads\/2022\/10\/LOGO3-2.jpg\",\"contentUrl\":\"https:\/\/www.vilademuro.net\/wp-content\/uploads\/2022\/10\/LOGO3-2.jpg\",\"width\":756,\"height\":517,\"caption\":\"Ajuntament de Muro\"},\"image\":{\"@id\":\"https:\/\/www.vilademuro.net\/es\/#\/schema\/logo\/image\/\"},\"sameAs\":[\"https:\/\/www.facebook.com\/murodealcoy\",\"https:\/\/x.com\/AjuntamentMuro\",\"https:\/\/www.youtube.com\/channel\/UC2rwbKfRqsd1Ncwm6Y1prQw\"]}]}<\/script>\n<!-- \/ Yoast SEO plugin. -->","yoast_head_json":{"title":"Festa Estell\u00e9s | Ajuntament de Muro","robots":{"index":"index","follow":"follow","max-snippet":"max-snippet:-1","max-image-preview":"max-image-preview:large","max-video-preview":"max-video-preview:-1"},"canonical":"https:\/\/www.vilademuro.net\/es\/event\/festa-estelles\/","og_locale":"es_ES","og_type":"article","og_title":"Festa Estell\u00e9s | Ajuntament de Muro","og_description":"? 5 de septiembre \u2013 Plaza de la Iglesia (Muro)? 21:15\u202fh\u202f\u202fLectura de poemas de Vicent\u202fAndr\u00e9s\u202fEstell\u00e9s? 21:30\u202fh\u202f\u202fCena de sobaquillo (\u00a1trae tu bocadillo!)? 22:30\u202fh\u202f\u202fRecital sobre la vida y la obra de Estell\u00e9s [&hellip;]","og_url":"https:\/\/www.vilademuro.net\/es\/event\/festa-estelles\/","og_site_name":"Ajuntament de Muro","article_publisher":"https:\/\/www.facebook.com\/murodealcoy","article_modified_time":"2025-09-02T08:24:05+00:00","og_image":[{"width":1131,"height":1600,"url":"https:\/\/www.vilademuro.net\/wp-content\/uploads\/2025\/07\/festa-Estelles-Turballos.jpeg","type":"image\/jpeg"}],"twitter_card":"summary_large_image","twitter_site":"@AjuntamentMuro","twitter_misc":{"Tiempo de lectura":"1 minuto"},"schema":{"@context":"https:\/\/schema.org","@graph":[{"@type":"WebPage","@id":"https:\/\/www.vilademuro.net\/es\/event\/festa-estelles\/","url":"https:\/\/www.vilademuro.net\/es\/event\/festa-estelles\/","name":"Festa Estell\u00e9s | Ajuntament de Muro","isPartOf":{"@id":"https:\/\/www.vilademuro.net\/es\/#website"},"primaryImageOfPage":{"@id":"https:\/\/www.vilademuro.net\/es\/event\/festa-estelles\/#primaryimage"},"image":{"@id":"https:\/\/www.vilademuro.net\/es\/event\/festa-estelles\/#primaryimage"},"thumbnailUrl":"https:\/\/www.vilademuro.net\/wp-content\/uploads\/2025\/07\/festa-Estelles-Turballos.jpeg","datePublished":"2025-07-21T11:26:02+00:00","dateModified":"2025-09-02T08:24:05+00:00","breadcrumb":{"@id":"https:\/\/www.vilademuro.net\/es\/event\/festa-estelles\/#breadcrumb"},"inLanguage":"es","potentialAction":[{"@type":"ReadAction","target":["https:\/\/www.vilademuro.net\/es\/event\/festa-estelles\/"]}]},{"@type":"ImageObject","inLanguage":"es","@id":"https:\/\/www.vilademuro.net\/es\/event\/festa-estelles\/#primaryimage","url":"https:\/\/www.vilademuro.net\/wp-content\/uploads\/2025\/07\/festa-Estelles-Turballos.jpeg","contentUrl":"https:\/\/www.vilademuro.net\/wp-content\/uploads\/2025\/07\/festa-Estelles-Turballos.jpeg","width":1131,"height":1600},{"@type":"BreadcrumbList","@id":"https:\/\/www.vilademuro.net\/es\/event\/festa-estelles\/#breadcrumb","itemListElement":[{"@type":"ListItem","position":1,"name":"Inici","item":"https:\/\/www.vilademuro.net\/es\/"},{"@type":"ListItem","position":2,"name":"Eventos","item":"https:\/\/www.vilademuro.net\/es\/events\/"},{"@type":"ListItem","position":3,"name":"Festa Estell\u00e9s"}]},{"@type":"WebSite","@id":"https:\/\/www.vilademuro.net\/es\/#website","url":"https:\/\/www.vilademuro.net\/es\/","name":"Ajuntament de Muro d'Alcoi","description":"P\u00e1gina web oficial de l&#039;Ajuntament de Muro","publisher":{"@id":"https:\/\/www.vilademuro.net\/es\/#organization"},"potentialAction":[{"@type":"SearchAction","target":{"@type":"EntryPoint","urlTemplate":"https:\/\/www.vilademuro.net\/es\/?s={search_term_string}"},"query-input":{"@type":"PropertyValueSpecification","valueRequired":true,"valueName":"search_term_string"}}],"inLanguage":"es"},{"@type":"Organization","@id":"https:\/\/www.vilademuro.net\/es\/#organization","name":"Ajuntament de Muro","url":"https:\/\/www.vilademuro.net\/es\/","logo":{"@type":"ImageObject","inLanguage":"es","@id":"https:\/\/www.vilademuro.net\/es\/#\/schema\/logo\/image\/","url":"https:\/\/www.vilademuro.net\/wp-content\/uploads\/2022\/10\/LOGO3-2.jpg","contentUrl":"https:\/\/www.vilademuro.net\/wp-content\/uploads\/2022\/10\/LOGO3-2.jpg","width":756,"height":517,"caption":"Ajuntament de Muro"},"image":{"@id":"https:\/\/www.vilademuro.net\/es\/#\/schema\/logo\/image\/"},"sameAs":["https:\/\/www.facebook.com\/murodealcoy","https:\/\/x.com\/AjuntamentMuro","https:\/\/www.youtube.com\/channel\/UC2rwbKfRqsd1Ncwm6Y1prQw"]}]}},"_links":{"self":[{"href":"https:\/\/www.vilademuro.net\/es\/wp-json\/wp\/v2\/tribe_events\/56959","targetHints":{"allow":["GET"]}}],"collection":[{"href":"https:\/\/www.vilademuro.net\/es\/wp-json\/wp\/v2\/tribe_events"}],"about":[{"href":"https:\/\/www.vilademuro.net\/es\/wp-json\/wp\/v2\/types\/tribe_events"}],"author":[{"embeddable":true,"href":"https:\/\/www.vilademuro.net\/es\/wp-json\/wp\/v2\/users\/32"}],"version-history":[{"count":2,"href":"https:\/\/www.vilademuro.net\/es\/wp-json\/wp\/v2\/tribe_events\/56959\/revisions"}],"predecessor-version":[{"id":57295,"href":"https:\/\/www.vilademuro.net\/es\/wp-json\/wp\/v2\/tribe_events\/56959\/revisions\/57295"}],"wp:featuredmedia":[{"embeddable":true,"href":"https:\/\/www.vilademuro.net\/es\/wp-json\/wp\/v2\/media\/56957"}],"wp:attachment":[{"href":"https:\/\/www.vilademuro.net\/es\/wp-json\/wp\/v2\/media?parent=56959"}],"wp:term":[{"taxonomy":"post_tag","embeddable":true,"href":"https:\/\/www.vilademuro.net\/es\/wp-json\/wp\/v2\/tags?post=56959"},{"taxonomy":"tribe_events_cat","embeddable":true,"href":"https:\/\/www.vilademuro.net\/es\/wp-json\/wp\/v2\/tribe_events_cat?post=56959"}],"curies":[{"name":"wp","href":"https:\/\/api.w.org\/{rel}","templated":true}]}}

Festa Estellés

<p data-start="0" data-end="291">? <strong data-start="3" data-end="62">5 de septiembre – Plaza de la Iglesia (Muro)</strong><br data-start="62" data-end="65" data-is-only-node="" />? <strong data-start="68" data-end="79">21:15 h</strong>  Lectura de poemas de Vicent Andrés Estellés<br data-start="124" data-end="127" />? <strong data-start="130" data-end="141">21:30 h</strong>  Cena de sobaquillo (¡trae tu bocadillo!)<br data-start="183" data-end="186" />? <strong data-start="189" data-end="200">22:30 h</strong>  Recital sobre la vida y la obra de Estellés con <strong data-start="250" data-end="269">Carles Llinares</strong> y <strong data-start="272" data-end="291">Jordi Carbonell</strong></p>
<p data-start="293" data-end="365" data-is-last-node="" data-is-only-node="">¡Ven a celebrar la <strong data-start="312" data-end="331">Festa Estellés</strong>: poesía, música y buena compañía!</p>
<p>&nbsp;</p>
<p data-start="446" data-end="536"><img loading="lazy" decoding="async" class="alignnone size-medium wp-image-56956" src="https://www.vilademuro.net/wp-content/uploads/2025/07/festa-Estelles-Turballos-212x300.jpeg" alt="" width="212" height="300" /></p>

<p>? 5 de septiembre – Plaza de la Iglesia (Muro)? 21:15 h  Lectura de poemas de Vicent Andrés Estellés? 21:30 h  Cena de sobaquillo (¡trae tu bocadillo!)? 22:30 h  Recital sobre la vida y la obra de Estellés [&hellip;]</p>

<!-- This site is optimized with the Yoast SEO plugin v27.1.1 - https://yoast.com/product/yoast-seo-wordpress/ -->
<title>Festa Estellés | Ajuntament de Muro</title>
<meta name="robots" content="index, follow, max-snippet:-1, max-image-preview:large, max-video-preview:-1" />
<link rel="canonical" href="https://www.vilademuro.net/es/event/festa-estelles/" />
<meta property="og:locale" content="es_ES" />
<meta property="og:type" content="article" />
<meta property="og:title" content="Festa Estellés | Ajuntament de Muro" />
<meta property="og:description" content="? 5 de septiembre – Plaza de la Iglesia (Muro)? 21:15 h  Lectura de poemas de Vicent Andrés Estellés? 21:30 h  Cena de sobaquillo (¡trae tu bocadillo!)? 22:30 h  Recital sobre la vida y la obra de Estellés [&hellip;]" />
<meta property="og:url" content="https://www.vilademuro.net/es/event/festa-estelles/" />
<meta property="og:site_name" content="Ajuntament de Muro" />
<meta property="article:publisher" content="https://www.facebook.com/murodealcoy" />
<meta property="article:modified_time" content="2025-09-02T08:24:05+00:00" />
<meta property="og:image" content="https://www.vilademuro.net/wp-content/uploads/2025/07/festa-Estelles-Turballos.jpeg" />
	<meta property="og:image:width" content="1131" />
	<meta property="og:image:height" content="1600" />
	<meta property="og:image:type" content="image/jpeg" />
<meta name="twitter:card" content="summary_large_image" />
<meta name="twitter:site" content="@AjuntamentMuro" />
<meta name="twitter:label1" content="Tiempo de lectura" />
	<meta name="twitter:data1" content="1 minuto" />
<script type="application/ld+json" class="yoast-schema-graph">{"@context":"https://schema.org","@graph":[{"@type":"WebPage","@id":"https://www.vilademuro.net/es/event/festa-estelles/","url":"https://www.vilademuro.net/es/event/festa-estelles/","name":"Festa Estellés | Ajuntament de Muro","isPartOf":{"@id":"https://www.vilademuro.net/es/#website"},"primaryImageOfPage":{"@id":"https://www.vilademuro.net/es/event/festa-estelles/#primaryimage"},"image":{"@id":"https://www.vilademuro.net/es/event/festa-estelles/#primaryimage"},"thumbnailUrl":"https://www.vilademuro.net/wp-content/uploads/2025/07/festa-Estelles-Turballos.jpeg","datePublished":"2025-07-21T11:26:02+00:00","dateModified":"2025-09-02T08:24:05+00:00","breadcrumb":{"@id":"https://www.vilademuro.net/es/event/festa-estelles/#breadcrumb"},"inLanguage":"es","potentialAction":[{"@type":"ReadAction","target":["https://www.vilademuro.net/es/event/festa-estelles/"]}]},{"@type":"ImageObject","inLanguage":"es","@id":"https://www.vilademuro.net/es/event/festa-estelles/#primaryimage","url":"https://www.vilademuro.net/wp-content/uploads/2025/07/festa-Estelles-Turballos.jpeg","contentUrl":"https://www.vilademuro.net/wp-content/uploads/2025/07/festa-Estelles-Turballos.jpeg","width":1131,"height":1600},{"@type":"BreadcrumbList","@id":"https://www.vilademuro.net/es/event/festa-estelles/#breadcrumb","itemListElement":[{"@type":"ListItem","position":1,"name":"Inici","item":"https://www.vilademuro.net/es/"},{"@type":"ListItem","position":2,"name":"Eventos","item":"https://www.vilademuro.net/es/events/"},{"@type":"ListItem","position":3,"name":"Festa Estellés"}]},{"@type":"WebSite","@id":"https://www.vilademuro.net/es/#website","url":"https://www.vilademuro.net/es/","name":"Ajuntament de Muro d'Alcoi","description":"Página web oficial de l&#039;Ajuntament de Muro","publisher":{"@id":"https://www.vilademuro.net/es/#organization"},"potentialAction":[{"@type":"SearchAction","target":{"@type":"EntryPoint","urlTemplate":"https://www.vilademuro.net/es/?s={search_term_string}"},"query-input":{"@type":"PropertyValueSpecification","valueRequired":true,"valueName":"search_term_string"}}],"inLanguage":"es"},{"@type":"Organization","@id":"https://www.vilademuro.net/es/#organization","name":"Ajuntament de Muro","url":"https://www.vilademuro.net/es/","logo":{"@type":"ImageObject","inLanguage":"es","@id":"https://www.vilademuro.net/es/#/schema/logo/image/","url":"https://www.vilademuro.net/wp-content/uploads/2022/10/LOGO3-2.jpg","contentUrl":"https://www.vilademuro.net/wp-content/uploads/2022/10/LOGO3-2.jpg","width":756,"height":517,"caption":"Ajuntament de Muro"},"image":{"@id":"https://www.vilademuro.net/es/#/schema/logo/image/"},"sameAs":["https://www.facebook.com/murodealcoy","https://x.com/AjuntamentMuro","https://www.youtube.com/channel/UC2rwbKfRqsd1Ncwm6Y1prQw"]}]}</script>
<!-- / Yoast SEO plugin. -->

Festa Estellés | Ajuntament de Muro

? 5 de septiembre – Plaza de la Iglesia (Muro)? 21:15 h  Lectura de poemas de Vicent Andrés Estellés? 21:30 h  Cena de sobaquillo (¡trae tu bocadillo!)? 22:30 h  Recital sobre la vida y la obra de Estellés [&hellip;]

Página web oficial de l&#039;Ajuntament de Muro
