{"id":56185,"date":"2025-04-10T10:58:01","date_gmt":"2025-04-10T08:58:01","guid":{"rendered":"https:\/\/www.vilademuro.net\/?post_type=tribe_events&#038;p=56185"},"modified":"2025-04-10T10:58:01","modified_gmt":"2025-04-10T08:58:01","slug":"tornar-a-muro-coloquio-de-toponimia","status":"publish","type":"tribe_events","link":"https:\/\/www.vilademuro.net\/es\/event\/tornar-a-muro-coloquio-de-toponimia\/","title":{"rendered":"Tornar a Muro | Coloquio de toponimia"},"content":{"rendered":"<p class=\"\" data-start=\"54\" data-end=\"419\">? Tornar a Muro | Coloquio de toponimia<br data-start=\"94\" data-end=\"97\" \/>El Ayuntamiento de Muro quiere iniciar un proceso de reflexi\u00f3n colectiva sobre el nombre oficial de nuestro municipio. Actualmente, \u201cMuro de Alcoy\u201d sigue siendo una denominaci\u00f3n oficial heredada de un real decreto de 1916, impuesto sin consulta ni consenso, y que no refleja ni nuestra lengua ni nuestra identidad local.<\/p>\n<p class=\"\" data-start=\"422\" data-end=\"573\">Para abrir este debate, os invitamos al coloquio \u201cTornar a Muro\u201d, que tendr\u00e1 lugar el mi\u00e9rcoles 16 de abril a las 19:30 h en la Biblioteca Municipal.<\/p>\n<p class=\"\" data-start=\"576\" data-end=\"1177\">Participar\u00e1n tres destacados especialistas que nos ayudar\u00e1n a contextualizar la situaci\u00f3n desde un punto de vista hist\u00f3rico, jur\u00eddico y ling\u00fc\u00edstico:<br data-start=\"724\" data-end=\"727\" \/>? Emili Casanova, catedr\u00e1tico de Filolog\u00eda Catalana en la Universidad de Val\u00e8ncia y exmiembro de la Academia Valenciana de la Lengua, reconocido especialista en onom\u00e1stica.<br data-start=\"900\" data-end=\"903\" \/>? Antonio Teruel Garc\u00eda, periodista y m\u00e1ster en Desarrollo Local, divulgador de geograf\u00eda y toponimia, autor del informe que servir\u00e1 de base para este debate.<br data-start=\"1062\" data-end=\"1065\" \/>? Abel Soler, doctor en Historia Medieval y en Filolog\u00eda Catalana, experto en cultura e identidad valenciana.<\/p>\n<p class=\"\" data-start=\"1180\" data-end=\"1423\">Este es solo el primer paso de un camino que queremos recorrer con y para el pueblo, de manera abierta, participativa y fundamentada. ?\ufe0f<br data-start=\"1317\" data-end=\"1320\" \/>? Queremos escucharos. Queremos reflexionar juntas y juntos. Queremos volver a ser, simplemente, Muro.<\/p>\n","protected":false},"excerpt":{"rendered":"<p>? Tornar a Muro | Coloquio de toponimiaEl Ayuntamiento de Muro quiere iniciar un proceso de reflexi\u00f3n colectiva sobre el nombre oficial de nuestro municipio. Actualmente, \u201cMuro de Alcoy\u201d sigue [&hellip;]<\/p>\n","protected":false},"author":32,"featured_media":56180,"template":"","meta":{"_et_pb_use_builder":"","_et_pb_old_content":"","_et_gb_content_width":"","_tribe_events_status":"","_tribe_events_status_reason":"","_tribe_events_is_hybrid":"","_tribe_events_is_virtual":"","_tribe_events_virtual_video_source":"","_tribe_events_virtual_embed_video":"","_tribe_events_virtual_linked_button_text":"","_tribe_events_virtual_linked_button":"","_tribe_events_virtual_show_embed_at":"","_tribe_events_virtual_show_embed_to":[],"_tribe_events_virtual_show_on_event":"","_tribe_events_virtual_show_on_views":"","_tribe_events_virtual_url":"","footnotes":""},"tags":[],"tribe_events_cat":[],"class_list":["post-56185","tribe_events","type-tribe_events","status-publish","has-post-thumbnail","hentry"],"yoast_head":"<!-- This site is optimized with the Yoast SEO plugin v27.1.1 - https:\/\/yoast.com\/product\/yoast-seo-wordpress\/ -->\n<title>Tornar a Muro | Coloquio de toponimia | Ajuntament de Muro<\/title>\n<meta name=\"robots\" content=\"index, follow, max-snippet:-1, max-image-preview:large, max-video-preview:-1\" \/>\n<link rel=\"canonical\" href=\"https:\/\/www.vilademuro.net\/es\/event\/tornar-a-muro-coloquio-de-toponimia\/\" \/>\n<meta property=\"og:locale\" content=\"es_ES\" \/>\n<meta property=\"og:type\" content=\"article\" \/>\n<meta property=\"og:title\" content=\"Tornar a Muro | Coloquio de toponimia | Ajuntament de Muro\" \/>\n<meta property=\"og:description\" content=\"? Tornar a Muro | Coloquio de toponimiaEl Ayuntamiento de Muro quiere iniciar un proceso de reflexi\u00f3n colectiva sobre el nombre oficial de nuestro municipio. Actualmente, \u201cMuro de Alcoy\u201d sigue [&hellip;]\" \/>\n<meta property=\"og:url\" content=\"https:\/\/www.vilademuro.net\/es\/event\/tornar-a-muro-coloquio-de-toponimia\/\" \/>\n<meta property=\"og:site_name\" content=\"Ajuntament de Muro\" \/>\n<meta property=\"article:publisher\" content=\"https:\/\/www.facebook.com\/murodealcoy\" \/>\n<meta property=\"og:image\" content=\"https:\/\/www.vilademuro.net\/wp-content\/uploads\/2025\/04\/Tornar-a-819x1024.png\" \/>\n\t<meta property=\"og:image:width\" content=\"819\" \/>\n\t<meta property=\"og:image:height\" content=\"1024\" \/>\n\t<meta property=\"og:image:type\" content=\"image\/png\" \/>\n<meta name=\"twitter:card\" content=\"summary_large_image\" \/>\n<meta name=\"twitter:site\" content=\"@AjuntamentMuro\" \/>\n<meta name=\"twitter:label1\" content=\"Tiempo de lectura\" \/>\n\t<meta name=\"twitter:data1\" content=\"2 minutos\" \/>\n<script type=\"application\/ld+json\" class=\"yoast-schema-graph\">{\"@context\":\"https:\/\/schema.org\",\"@graph\":[{\"@type\":\"WebPage\",\"@id\":\"https:\/\/www.vilademuro.net\/es\/event\/tornar-a-muro-coloquio-de-toponimia\/\",\"url\":\"https:\/\/www.vilademuro.net\/es\/event\/tornar-a-muro-coloquio-de-toponimia\/\",\"name\":\"Tornar a Muro | Coloquio de toponimia | Ajuntament de Muro\",\"isPartOf\":{\"@id\":\"https:\/\/www.vilademuro.net\/es\/#website\"},\"primaryImageOfPage\":{\"@id\":\"https:\/\/www.vilademuro.net\/es\/event\/tornar-a-muro-coloquio-de-toponimia\/#primaryimage\"},\"image\":{\"@id\":\"https:\/\/www.vilademuro.net\/es\/event\/tornar-a-muro-coloquio-de-toponimia\/#primaryimage\"},\"thumbnailUrl\":\"https:\/\/www.vilademuro.net\/wp-content\/uploads\/2025\/04\/Tornar-a.png\",\"datePublished\":\"2025-04-10T08:58:01+00:00\",\"breadcrumb\":{\"@id\":\"https:\/\/www.vilademuro.net\/es\/event\/tornar-a-muro-coloquio-de-toponimia\/#breadcrumb\"},\"inLanguage\":\"es\",\"potentialAction\":[{\"@type\":\"ReadAction\",\"target\":[\"https:\/\/www.vilademuro.net\/es\/event\/tornar-a-muro-coloquio-de-toponimia\/\"]}]},{\"@type\":\"ImageObject\",\"inLanguage\":\"es\",\"@id\":\"https:\/\/www.vilademuro.net\/es\/event\/tornar-a-muro-coloquio-de-toponimia\/#primaryimage\",\"url\":\"https:\/\/www.vilademuro.net\/wp-content\/uploads\/2025\/04\/Tornar-a.png\",\"contentUrl\":\"https:\/\/www.vilademuro.net\/wp-content\/uploads\/2025\/04\/Tornar-a.png\",\"width\":1536,\"height\":1920},{\"@type\":\"BreadcrumbList\",\"@id\":\"https:\/\/www.vilademuro.net\/es\/event\/tornar-a-muro-coloquio-de-toponimia\/#breadcrumb\",\"itemListElement\":[{\"@type\":\"ListItem\",\"position\":1,\"name\":\"Inici\",\"item\":\"https:\/\/www.vilademuro.net\/es\/\"},{\"@type\":\"ListItem\",\"position\":2,\"name\":\"Eventos\",\"item\":\"https:\/\/www.vilademuro.net\/es\/events\/\"},{\"@type\":\"ListItem\",\"position\":3,\"name\":\"Tornar a Muro | Coloquio de toponimia\"}]},{\"@type\":\"WebSite\",\"@id\":\"https:\/\/www.vilademuro.net\/es\/#website\",\"url\":\"https:\/\/www.vilademuro.net\/es\/\",\"name\":\"Ajuntament de Muro d'Alcoi\",\"description\":\"P\u00e1gina web oficial de l&#039;Ajuntament de Muro\",\"publisher\":{\"@id\":\"https:\/\/www.vilademuro.net\/es\/#organization\"},\"potentialAction\":[{\"@type\":\"SearchAction\",\"target\":{\"@type\":\"EntryPoint\",\"urlTemplate\":\"https:\/\/www.vilademuro.net\/es\/?s={search_term_string}\"},\"query-input\":{\"@type\":\"PropertyValueSpecification\",\"valueRequired\":true,\"valueName\":\"search_term_string\"}}],\"inLanguage\":\"es\"},{\"@type\":\"Organization\",\"@id\":\"https:\/\/www.vilademuro.net\/es\/#organization\",\"name\":\"Ajuntament de Muro\",\"url\":\"https:\/\/www.vilademuro.net\/es\/\",\"logo\":{\"@type\":\"ImageObject\",\"inLanguage\":\"es\",\"@id\":\"https:\/\/www.vilademuro.net\/es\/#\/schema\/logo\/image\/\",\"url\":\"https:\/\/www.vilademuro.net\/wp-content\/uploads\/2022\/10\/LOGO3-2.jpg\",\"contentUrl\":\"https:\/\/www.vilademuro.net\/wp-content\/uploads\/2022\/10\/LOGO3-2.jpg\",\"width\":756,\"height\":517,\"caption\":\"Ajuntament de Muro\"},\"image\":{\"@id\":\"https:\/\/www.vilademuro.net\/es\/#\/schema\/logo\/image\/\"},\"sameAs\":[\"https:\/\/www.facebook.com\/murodealcoy\",\"https:\/\/x.com\/AjuntamentMuro\",\"https:\/\/www.youtube.com\/channel\/UC2rwbKfRqsd1Ncwm6Y1prQw\"]}]}<\/script>\n<!-- \/ Yoast SEO plugin. -->","yoast_head_json":{"title":"Tornar a Muro | Coloquio de toponimia | Ajuntament de Muro","robots":{"index":"index","follow":"follow","max-snippet":"max-snippet:-1","max-image-preview":"max-image-preview:large","max-video-preview":"max-video-preview:-1"},"canonical":"https:\/\/www.vilademuro.net\/es\/event\/tornar-a-muro-coloquio-de-toponimia\/","og_locale":"es_ES","og_type":"article","og_title":"Tornar a Muro | Coloquio de toponimia | Ajuntament de Muro","og_description":"? Tornar a Muro | Coloquio de toponimiaEl Ayuntamiento de Muro quiere iniciar un proceso de reflexi\u00f3n colectiva sobre el nombre oficial de nuestro municipio. Actualmente, \u201cMuro de Alcoy\u201d sigue [&hellip;]","og_url":"https:\/\/www.vilademuro.net\/es\/event\/tornar-a-muro-coloquio-de-toponimia\/","og_site_name":"Ajuntament de Muro","article_publisher":"https:\/\/www.facebook.com\/murodealcoy","og_image":[{"width":819,"height":1024,"url":"https:\/\/www.vilademuro.net\/wp-content\/uploads\/2025\/04\/Tornar-a-819x1024.png","type":"image\/png"}],"twitter_card":"summary_large_image","twitter_site":"@AjuntamentMuro","twitter_misc":{"Tiempo de lectura":"2 minutos"},"schema":{"@context":"https:\/\/schema.org","@graph":[{"@type":"WebPage","@id":"https:\/\/www.vilademuro.net\/es\/event\/tornar-a-muro-coloquio-de-toponimia\/","url":"https:\/\/www.vilademuro.net\/es\/event\/tornar-a-muro-coloquio-de-toponimia\/","name":"Tornar a Muro | Coloquio de toponimia | Ajuntament de Muro","isPartOf":{"@id":"https:\/\/www.vilademuro.net\/es\/#website"},"primaryImageOfPage":{"@id":"https:\/\/www.vilademuro.net\/es\/event\/tornar-a-muro-coloquio-de-toponimia\/#primaryimage"},"image":{"@id":"https:\/\/www.vilademuro.net\/es\/event\/tornar-a-muro-coloquio-de-toponimia\/#primaryimage"},"thumbnailUrl":"https:\/\/www.vilademuro.net\/wp-content\/uploads\/2025\/04\/Tornar-a.png","datePublished":"2025-04-10T08:58:01+00:00","breadcrumb":{"@id":"https:\/\/www.vilademuro.net\/es\/event\/tornar-a-muro-coloquio-de-toponimia\/#breadcrumb"},"inLanguage":"es","potentialAction":[{"@type":"ReadAction","target":["https:\/\/www.vilademuro.net\/es\/event\/tornar-a-muro-coloquio-de-toponimia\/"]}]},{"@type":"ImageObject","inLanguage":"es","@id":"https:\/\/www.vilademuro.net\/es\/event\/tornar-a-muro-coloquio-de-toponimia\/#primaryimage","url":"https:\/\/www.vilademuro.net\/wp-content\/uploads\/2025\/04\/Tornar-a.png","contentUrl":"https:\/\/www.vilademuro.net\/wp-content\/uploads\/2025\/04\/Tornar-a.png","width":1536,"height":1920},{"@type":"BreadcrumbList","@id":"https:\/\/www.vilademuro.net\/es\/event\/tornar-a-muro-coloquio-de-toponimia\/#breadcrumb","itemListElement":[{"@type":"ListItem","position":1,"name":"Inici","item":"https:\/\/www.vilademuro.net\/es\/"},{"@type":"ListItem","position":2,"name":"Eventos","item":"https:\/\/www.vilademuro.net\/es\/events\/"},{"@type":"ListItem","position":3,"name":"Tornar a Muro | Coloquio de toponimia"}]},{"@type":"WebSite","@id":"https:\/\/www.vilademuro.net\/es\/#website","url":"https:\/\/www.vilademuro.net\/es\/","name":"Ajuntament de Muro d'Alcoi","description":"P\u00e1gina web oficial de l&#039;Ajuntament de Muro","publisher":{"@id":"https:\/\/www.vilademuro.net\/es\/#organization"},"potentialAction":[{"@type":"SearchAction","target":{"@type":"EntryPoint","urlTemplate":"https:\/\/www.vilademuro.net\/es\/?s={search_term_string}"},"query-input":{"@type":"PropertyValueSpecification","valueRequired":true,"valueName":"search_term_string"}}],"inLanguage":"es"},{"@type":"Organization","@id":"https:\/\/www.vilademuro.net\/es\/#organization","name":"Ajuntament de Muro","url":"https:\/\/www.vilademuro.net\/es\/","logo":{"@type":"ImageObject","inLanguage":"es","@id":"https:\/\/www.vilademuro.net\/es\/#\/schema\/logo\/image\/","url":"https:\/\/www.vilademuro.net\/wp-content\/uploads\/2022\/10\/LOGO3-2.jpg","contentUrl":"https:\/\/www.vilademuro.net\/wp-content\/uploads\/2022\/10\/LOGO3-2.jpg","width":756,"height":517,"caption":"Ajuntament de Muro"},"image":{"@id":"https:\/\/www.vilademuro.net\/es\/#\/schema\/logo\/image\/"},"sameAs":["https:\/\/www.facebook.com\/murodealcoy","https:\/\/x.com\/AjuntamentMuro","https:\/\/www.youtube.com\/channel\/UC2rwbKfRqsd1Ncwm6Y1prQw"]}]}},"_links":{"self":[{"href":"https:\/\/www.vilademuro.net\/es\/wp-json\/wp\/v2\/tribe_events\/56185","targetHints":{"allow":["GET"]}}],"collection":[{"href":"https:\/\/www.vilademuro.net\/es\/wp-json\/wp\/v2\/tribe_events"}],"about":[{"href":"https:\/\/www.vilademuro.net\/es\/wp-json\/wp\/v2\/types\/tribe_events"}],"author":[{"embeddable":true,"href":"https:\/\/www.vilademuro.net\/es\/wp-json\/wp\/v2\/users\/32"}],"version-history":[{"count":1,"href":"https:\/\/www.vilademuro.net\/es\/wp-json\/wp\/v2\/tribe_events\/56185\/revisions"}],"predecessor-version":[{"id":56186,"href":"https:\/\/www.vilademuro.net\/es\/wp-json\/wp\/v2\/tribe_events\/56185\/revisions\/56186"}],"wp:featuredmedia":[{"embeddable":true,"href":"https:\/\/www.vilademuro.net\/es\/wp-json\/wp\/v2\/media\/56180"}],"wp:attachment":[{"href":"https:\/\/www.vilademuro.net\/es\/wp-json\/wp\/v2\/media?parent=56185"}],"wp:term":[{"taxonomy":"post_tag","embeddable":true,"href":"https:\/\/www.vilademuro.net\/es\/wp-json\/wp\/v2\/tags?post=56185"},{"taxonomy":"tribe_events_cat","embeddable":true,"href":"https:\/\/www.vilademuro.net\/es\/wp-json\/wp\/v2\/tribe_events_cat?post=56185"}],"curies":[{"name":"wp","href":"https:\/\/api.w.org\/{rel}","templated":true}]}}

<p class="" data-start="54" data-end="419">? Tornar a Muro | Coloquio de toponimia<br data-start="94" data-end="97" />El Ayuntamiento de Muro quiere iniciar un proceso de reflexión colectiva sobre el nombre oficial de nuestro municipio. Actualmente, “Muro de Alcoy” sigue siendo una denominación oficial heredada de un real decreto de 1916, impuesto sin consulta ni consenso, y que no refleja ni nuestra lengua ni nuestra identidad local.</p>
<p class="" data-start="422" data-end="573">Para abrir este debate, os invitamos al coloquio “Tornar a Muro”, que tendrá lugar el miércoles 16 de abril a las 19:30 h en la Biblioteca Municipal.</p>
<p class="" data-start="576" data-end="1177">Participarán tres destacados especialistas que nos ayudarán a contextualizar la situación desde un punto de vista histórico, jurídico y lingüístico:<br data-start="724" data-end="727" />? Emili Casanova, catedrático de Filología Catalana en la Universidad de València y exmiembro de la Academia Valenciana de la Lengua, reconocido especialista en onomástica.<br data-start="900" data-end="903" />? Antonio Teruel García, periodista y máster en Desarrollo Local, divulgador de geografía y toponimia, autor del informe que servirá de base para este debate.<br data-start="1062" data-end="1065" />? Abel Soler, doctor en Historia Medieval y en Filología Catalana, experto en cultura e identidad valenciana.</p>
<p class="" data-start="1180" data-end="1423">Este es solo el primer paso de un camino que queremos recorrer con y para el pueblo, de manera abierta, participativa y fundamentada. ?️<br data-start="1317" data-end="1320" />? Queremos escucharos. Queremos reflexionar juntas y juntos. Queremos volver a ser, simplemente, Muro.</p>

<p>? Tornar a Muro | Coloquio de toponimiaEl Ayuntamiento de Muro quiere iniciar un proceso de reflexión colectiva sobre el nombre oficial de nuestro municipio. Actualmente, “Muro de Alcoy” sigue [&hellip;]</p>

<!-- This site is optimized with the Yoast SEO plugin v27.1.1 - https://yoast.com/product/yoast-seo-wordpress/ -->
<title>Tornar a Muro | Coloquio de toponimia | Ajuntament de Muro</title>
<meta name="robots" content="index, follow, max-snippet:-1, max-image-preview:large, max-video-preview:-1" />
<link rel="canonical" href="https://www.vilademuro.net/es/event/tornar-a-muro-coloquio-de-toponimia/" />
<meta property="og:locale" content="es_ES" />
<meta property="og:type" content="article" />
<meta property="og:title" content="Tornar a Muro | Coloquio de toponimia | Ajuntament de Muro" />
<meta property="og:description" content="? Tornar a Muro | Coloquio de toponimiaEl Ayuntamiento de Muro quiere iniciar un proceso de reflexión colectiva sobre el nombre oficial de nuestro municipio. Actualmente, “Muro de Alcoy” sigue [&hellip;]" />
<meta property="og:url" content="https://www.vilademuro.net/es/event/tornar-a-muro-coloquio-de-toponimia/" />
<meta property="og:site_name" content="Ajuntament de Muro" />
<meta property="article:publisher" content="https://www.facebook.com/murodealcoy" />
<meta property="og:image" content="https://www.vilademuro.net/wp-content/uploads/2025/04/Tornar-a-819x1024.png" />
	<meta property="og:image:width" content="819" />
	<meta property="og:image:height" content="1024" />
	<meta property="og:image:type" content="image/png" />
<meta name="twitter:card" content="summary_large_image" />
<meta name="twitter:site" content="@AjuntamentMuro" />
<meta name="twitter:label1" content="Tiempo de lectura" />
	<meta name="twitter:data1" content="2 minutos" />
<script type="application/ld+json" class="yoast-schema-graph">{"@context":"https://schema.org","@graph":[{"@type":"WebPage","@id":"https://www.vilademuro.net/es/event/tornar-a-muro-coloquio-de-toponimia/","url":"https://www.vilademuro.net/es/event/tornar-a-muro-coloquio-de-toponimia/","name":"Tornar a Muro | Coloquio de toponimia | Ajuntament de Muro","isPartOf":{"@id":"https://www.vilademuro.net/es/#website"},"primaryImageOfPage":{"@id":"https://www.vilademuro.net/es/event/tornar-a-muro-coloquio-de-toponimia/#primaryimage"},"image":{"@id":"https://www.vilademuro.net/es/event/tornar-a-muro-coloquio-de-toponimia/#primaryimage"},"thumbnailUrl":"https://www.vilademuro.net/wp-content/uploads/2025/04/Tornar-a.png","datePublished":"2025-04-10T08:58:01+00:00","breadcrumb":{"@id":"https://www.vilademuro.net/es/event/tornar-a-muro-coloquio-de-toponimia/#breadcrumb"},"inLanguage":"es","potentialAction":[{"@type":"ReadAction","target":["https://www.vilademuro.net/es/event/tornar-a-muro-coloquio-de-toponimia/"]}]},{"@type":"ImageObject","inLanguage":"es","@id":"https://www.vilademuro.net/es/event/tornar-a-muro-coloquio-de-toponimia/#primaryimage","url":"https://www.vilademuro.net/wp-content/uploads/2025/04/Tornar-a.png","contentUrl":"https://www.vilademuro.net/wp-content/uploads/2025/04/Tornar-a.png","width":1536,"height":1920},{"@type":"BreadcrumbList","@id":"https://www.vilademuro.net/es/event/tornar-a-muro-coloquio-de-toponimia/#breadcrumb","itemListElement":[{"@type":"ListItem","position":1,"name":"Inici","item":"https://www.vilademuro.net/es/"},{"@type":"ListItem","position":2,"name":"Eventos","item":"https://www.vilademuro.net/es/events/"},{"@type":"ListItem","position":3,"name":"Tornar a Muro | Coloquio de toponimia"}]},{"@type":"WebSite","@id":"https://www.vilademuro.net/es/#website","url":"https://www.vilademuro.net/es/","name":"Ajuntament de Muro d'Alcoi","description":"Página web oficial de l&#039;Ajuntament de Muro","publisher":{"@id":"https://www.vilademuro.net/es/#organization"},"potentialAction":[{"@type":"SearchAction","target":{"@type":"EntryPoint","urlTemplate":"https://www.vilademuro.net/es/?s={search_term_string}"},"query-input":{"@type":"PropertyValueSpecification","valueRequired":true,"valueName":"search_term_string"}}],"inLanguage":"es"},{"@type":"Organization","@id":"https://www.vilademuro.net/es/#organization","name":"Ajuntament de Muro","url":"https://www.vilademuro.net/es/","logo":{"@type":"ImageObject","inLanguage":"es","@id":"https://www.vilademuro.net/es/#/schema/logo/image/","url":"https://www.vilademuro.net/wp-content/uploads/2022/10/LOGO3-2.jpg","contentUrl":"https://www.vilademuro.net/wp-content/uploads/2022/10/LOGO3-2.jpg","width":756,"height":517,"caption":"Ajuntament de Muro"},"image":{"@id":"https://www.vilademuro.net/es/#/schema/logo/image/"},"sameAs":["https://www.facebook.com/murodealcoy","https://x.com/AjuntamentMuro","https://www.youtube.com/channel/UC2rwbKfRqsd1Ncwm6Y1prQw"]}]}</script>
<!-- / Yoast SEO plugin. -->

? Tornar a Muro | Coloquio de toponimiaEl Ayuntamiento de Muro quiere iniciar un proceso de reflexión colectiva sobre el nombre oficial de nuestro municipio. Actualmente, “Muro de Alcoy” sigue [&hellip;]

Página web oficial de l&#039;Ajuntament de Muro
