{"id":35509,"date":"2020-01-09T07:50:56","date_gmt":"2020-01-09T06:50:56","guid":{"rendered":"https:\/\/www.vilademuro.net\/grupos-politicos\/pspv-psoe\/"},"modified":"2020-01-30T12:15:49","modified_gmt":"2020-01-30T12:15:49","slug":"pspv-psoe","status":"publish","type":"page","link":"https:\/\/www.vilademuro.net\/es\/ayuntamiento\/pspv-psoe\/","title":{"rendered":"PSPV-PSOE"},"content":{"rendered":"<p>[et_pb_section fb_built=\u00bb1&#8243; _builder_version=\u00bb4.0.5&#8243;][et_pb_row _builder_version=\u00bb4.0.5&#8243;][et_pb_column _builder_version=\u00bb4.0.5&#8243; type=\u00bb4_4&#8243;][et_pb_text _builder_version=\u00bb4.0.5&#8243; text_font=\u00bb|700|||||||\u00bb text_text_color=\u00bb#e02b20&#8243; text_font_size=\u00bb40px\u00bb text_orientation=\u00bbcenter\u00bb hover_enabled=\u00bb0&#8243;]Protagonicemos el cambio&#8230;<br \/>\n[\/et_pb_text][\/et_pb_column][\/et_pb_row][et_pb_row _builder_version=\u00bb4.0.5&#8243;][et_pb_column _builder_version=\u00bb4.0.5&#8243; type=\u00bb4_4&#8243;][et_pb_text _builder_version=\u00bb4.0.5&#8243; hover_enabled=\u00bb0&#8243;]Bienvenidos a la p\u00e1gina web del Grupo Municipal PSPV-PSOE del M.I. Ayuntamiento de Muro del Alcoy. En esta ventana queremos darte informaci\u00f3n de actividades, acciones y propuestas del PSPV-PSOE de Muro. Si quieres ponerte en contacto con nosotros solo tienes que enviar un e-mail a la direcci\u00f3n de correo electr\u00f3nico: \u00a0<a href=\"mailto:psoe@vilademuro.net\">psoe@vilademuro.net<\/a>. Nuestra p\u00e1gina web es:\u00a0<a href=\"https:\/\/www.murodealcoy.psoe.es\/\">www.murodealcoy.psoe.es<\/a><\/p>\n<p>Este es nuestro equipo\u00a0con el que vamos a\u00a0protagonizar el cambio&#8230;<br \/>\n[\/et_pb_text][\/et_pb_column][\/et_pb_row][et_pb_row _builder_version=\u00bb4.0.5&#8243;][et_pb_column _builder_version=\u00bb4.0.5&#8243; type=\u00bb4_4&#8243;][et_pb_image src=\u00bbhttps:\/\/www.vilademuro.net\/wp-content\/uploads\/2020\/01\/EQUIPO-PSOE.jpeg\u00bb _builder_version=\u00bb4.0.5&#8243; align=\u00bbcenter\u00bb hover_enabled=\u00bb0&#8243;][\/et_pb_image][\/et_pb_column][\/et_pb_row][et_pb_row _builder_version=\u00bb4.0.5&#8243;][et_pb_column _builder_version=\u00bb4.0.5&#8243; type=\u00bb4_4&#8243;][et_pb_text _builder_version=\u00bb4.0.5&#8243; hover_enabled=\u00bb0&#8243;]Pinchando encima de cada imagen, logotipo o palabra clave (que encuentres destacada en negrita), te vamos a remitir a la p\u00e1gina correspondiente para darte la informaci\u00f3n deseada. Esperamos que te sea \u00fatil. Un saludo.<br \/>\n[\/et_pb_text][\/et_pb_column][\/et_pb_row][et_pb_row _builder_version=\u00bb4.0.5&#8243; column_structure=\u00bb1_6,1_6,1_6,1_6,1_6,1_6&#8243; use_custom_gutter=\u00bbon\u00bb gutter_width=\u00bb1&#8243; hover_enabled=\u00bb0&#8243;][et_pb_column _builder_version=\u00bb4.0.5&#8243; type=\u00bb1_6&#8243;][\/et_pb_column][et_pb_column _builder_version=\u00bb4.0.5&#8243; type=\u00bb1_6&#8243;][et_pb_image src=\u00bbhttps:\/\/www.vilademuro.net\/wp-content\/uploads\/2020\/01\/logopsoe.gif\u00bb _builder_version=\u00bb4.0.5&#8243; hover_enabled=\u00bb0&#8243; align=\u00bbright\u00bb][\/et_pb_image][\/et_pb_column][et_pb_column _builder_version=\u00bb4.0.5&#8243; type=\u00bb1_6&#8243;][et_pb_image src=\u00bbhttps:\/\/www.vilademuro.net\/wp-content\/uploads\/2020\/01\/img007.jpg\u00bb _builder_version=\u00bb4.0.5&#8243; hover_enabled=\u00bb0&#8243; module_alignment=\u00bbleft\u00bb][\/et_pb_image][\/et_pb_column][et_pb_column _builder_version=\u00bb4.0.5&#8243; type=\u00bb1_6&#8243;][et_pb_image src=\u00bbhttps:\/\/www.vilademuro.net\/wp-content\/uploads\/2020\/01\/ugt.gif\u00bb _builder_version=\u00bb4.0.5&#8243; width=\u00bb140%\u00bb hover_enabled=\u00bb0&#8243;][\/et_pb_image][\/et_pb_column][et_pb_column _builder_version=\u00bb4.0.5&#8243; type=\u00bb1_6&#8243;][\/et_pb_column][et_pb_column _builder_version=\u00bb4.0.5&#8243; type=\u00bb1_6&#8243;][\/et_pb_column][\/et_pb_row][\/et_pb_section]<\/p>\n","protected":false},"excerpt":{"rendered":"<p>Protagonicemos el cambio&#8230; Bienvenidos a la p\u00e1gina web del Grupo Municipal PSPV-PSOE del M.I. Ayuntamiento de Muro del Alcoy. En esta ventana queremos darte informaci\u00f3n de actividades, acciones y propuestas [&hellip;]<\/p>\n","protected":false},"author":1,"featured_media":0,"parent":35507,"menu_order":0,"comment_status":"closed","ping_status":"closed","template":"","meta":{"_et_pb_use_builder":"on","_et_pb_old_content":"","_et_gb_content_width":"","footnotes":""},"class_list":["post-35509","page","type-page","status-publish","hentry"],"yoast_head":"<!-- This site is optimized with the Yoast SEO plugin v27.1.1 - https:\/\/yoast.com\/product\/yoast-seo-wordpress\/ -->\n<title>PSPV-PSOE | Ajuntament de Muro<\/title>\n<meta name=\"robots\" content=\"index, follow, max-snippet:-1, max-image-preview:large, max-video-preview:-1\" \/>\n<link rel=\"canonical\" href=\"https:\/\/www.vilademuro.net\/es\/ayuntamiento\/pspv-psoe\/\" \/>\n<meta property=\"og:locale\" content=\"es_ES\" \/>\n<meta property=\"og:type\" content=\"article\" \/>\n<meta property=\"og:title\" content=\"PSPV-PSOE | Ajuntament de Muro\" \/>\n<meta property=\"og:description\" content=\"Protagonicemos el cambio... Bienvenidos a la p\u00e1gina web del Grupo Municipal PSPV-PSOE del M.I. Ayuntamiento de Muro del Alcoy. En esta ventana queremos darte informaci\u00f3n de actividades, acciones y propuestas [&hellip;]\" \/>\n<meta property=\"og:url\" content=\"https:\/\/www.vilademuro.net\/es\/ayuntamiento\/pspv-psoe\/\" \/>\n<meta property=\"og:site_name\" content=\"Ajuntament de Muro\" \/>\n<meta property=\"article:publisher\" content=\"https:\/\/www.facebook.com\/murodealcoy\" \/>\n<meta property=\"article:modified_time\" content=\"2020-01-30T12:15:49+00:00\" \/>\n<meta property=\"og:image\" content=\"https:\/\/www.vilademuro.net\/wp-content\/uploads\/2019\/12\/logo-color-e1585225385776.jpg\" \/>\n\t<meta property=\"og:image:width\" content=\"30\" \/>\n\t<meta property=\"og:image:height\" content=\"59\" \/>\n\t<meta property=\"og:image:type\" content=\"image\/jpeg\" \/>\n<meta name=\"twitter:card\" content=\"summary_large_image\" \/>\n<meta name=\"twitter:site\" content=\"@AjuntamentMuro\" \/>\n<meta name=\"twitter:label1\" content=\"Tiempo de lectura\" \/>\n\t<meta name=\"twitter:data1\" content=\"2 minutos\" \/>\n<script type=\"application\/ld+json\" class=\"yoast-schema-graph\">{\"@context\":\"https:\/\/schema.org\",\"@graph\":[{\"@type\":\"WebPage\",\"@id\":\"https:\/\/www.vilademuro.net\/es\/ayuntamiento\/pspv-psoe\/\",\"url\":\"https:\/\/www.vilademuro.net\/es\/ayuntamiento\/pspv-psoe\/\",\"name\":\"PSPV-PSOE | Ajuntament de Muro\",\"isPartOf\":{\"@id\":\"https:\/\/www.vilademuro.net\/es\/#website\"},\"datePublished\":\"2020-01-09T06:50:56+00:00\",\"dateModified\":\"2020-01-30T12:15:49+00:00\",\"breadcrumb\":{\"@id\":\"https:\/\/www.vilademuro.net\/es\/ayuntamiento\/pspv-psoe\/#breadcrumb\"},\"inLanguage\":\"es\",\"potentialAction\":[{\"@type\":\"ReadAction\",\"target\":[\"https:\/\/www.vilademuro.net\/es\/ayuntamiento\/pspv-psoe\/\"]}]},{\"@type\":\"BreadcrumbList\",\"@id\":\"https:\/\/www.vilademuro.net\/es\/ayuntamiento\/pspv-psoe\/#breadcrumb\",\"itemListElement\":[{\"@type\":\"ListItem\",\"position\":1,\"name\":\"Inici\",\"item\":\"https:\/\/www.vilademuro.net\/es\/\"},{\"@type\":\"ListItem\",\"position\":2,\"name\":\"Ayuntamiento\",\"item\":\"https:\/\/www.vilademuro.net\/es\/ajuntament\/\"},{\"@type\":\"ListItem\",\"position\":3,\"name\":\"PSPV-PSOE\"}]},{\"@type\":\"WebSite\",\"@id\":\"https:\/\/www.vilademuro.net\/es\/#website\",\"url\":\"https:\/\/www.vilademuro.net\/es\/\",\"name\":\"Ajuntament de Muro d'Alcoi\",\"description\":\"P\u00e1gina web oficial de l&#039;Ajuntament de Muro\",\"publisher\":{\"@id\":\"https:\/\/www.vilademuro.net\/es\/#organization\"},\"potentialAction\":[{\"@type\":\"SearchAction\",\"target\":{\"@type\":\"EntryPoint\",\"urlTemplate\":\"https:\/\/www.vilademuro.net\/es\/?s={search_term_string}\"},\"query-input\":{\"@type\":\"PropertyValueSpecification\",\"valueRequired\":true,\"valueName\":\"search_term_string\"}}],\"inLanguage\":\"es\"},{\"@type\":\"Organization\",\"@id\":\"https:\/\/www.vilademuro.net\/es\/#organization\",\"name\":\"Ajuntament de Muro\",\"url\":\"https:\/\/www.vilademuro.net\/es\/\",\"logo\":{\"@type\":\"ImageObject\",\"inLanguage\":\"es\",\"@id\":\"https:\/\/www.vilademuro.net\/es\/#\/schema\/logo\/image\/\",\"url\":\"https:\/\/www.vilademuro.net\/wp-content\/uploads\/2022\/10\/LOGO3-2.jpg\",\"contentUrl\":\"https:\/\/www.vilademuro.net\/wp-content\/uploads\/2022\/10\/LOGO3-2.jpg\",\"width\":756,\"height\":517,\"caption\":\"Ajuntament de Muro\"},\"image\":{\"@id\":\"https:\/\/www.vilademuro.net\/es\/#\/schema\/logo\/image\/\"},\"sameAs\":[\"https:\/\/www.facebook.com\/murodealcoy\",\"https:\/\/x.com\/AjuntamentMuro\",\"https:\/\/www.youtube.com\/channel\/UC2rwbKfRqsd1Ncwm6Y1prQw\"]}]}<\/script>\n<!-- \/ Yoast SEO plugin. -->","yoast_head_json":{"title":"PSPV-PSOE | Ajuntament de Muro","robots":{"index":"index","follow":"follow","max-snippet":"max-snippet:-1","max-image-preview":"max-image-preview:large","max-video-preview":"max-video-preview:-1"},"canonical":"https:\/\/www.vilademuro.net\/es\/ayuntamiento\/pspv-psoe\/","og_locale":"es_ES","og_type":"article","og_title":"PSPV-PSOE | Ajuntament de Muro","og_description":"Protagonicemos el cambio... Bienvenidos a la p\u00e1gina web del Grupo Municipal PSPV-PSOE del M.I. Ayuntamiento de Muro del Alcoy. En esta ventana queremos darte informaci\u00f3n de actividades, acciones y propuestas [&hellip;]","og_url":"https:\/\/www.vilademuro.net\/es\/ayuntamiento\/pspv-psoe\/","og_site_name":"Ajuntament de Muro","article_publisher":"https:\/\/www.facebook.com\/murodealcoy","article_modified_time":"2020-01-30T12:15:49+00:00","og_image":[{"width":30,"height":59,"url":"https:\/\/www.vilademuro.net\/wp-content\/uploads\/2019\/12\/logo-color-e1585225385776.jpg","type":"image\/jpeg"}],"twitter_card":"summary_large_image","twitter_site":"@AjuntamentMuro","twitter_misc":{"Tiempo de lectura":"2 minutos"},"schema":{"@context":"https:\/\/schema.org","@graph":[{"@type":"WebPage","@id":"https:\/\/www.vilademuro.net\/es\/ayuntamiento\/pspv-psoe\/","url":"https:\/\/www.vilademuro.net\/es\/ayuntamiento\/pspv-psoe\/","name":"PSPV-PSOE | Ajuntament de Muro","isPartOf":{"@id":"https:\/\/www.vilademuro.net\/es\/#website"},"datePublished":"2020-01-09T06:50:56+00:00","dateModified":"2020-01-30T12:15:49+00:00","breadcrumb":{"@id":"https:\/\/www.vilademuro.net\/es\/ayuntamiento\/pspv-psoe\/#breadcrumb"},"inLanguage":"es","potentialAction":[{"@type":"ReadAction","target":["https:\/\/www.vilademuro.net\/es\/ayuntamiento\/pspv-psoe\/"]}]},{"@type":"BreadcrumbList","@id":"https:\/\/www.vilademuro.net\/es\/ayuntamiento\/pspv-psoe\/#breadcrumb","itemListElement":[{"@type":"ListItem","position":1,"name":"Inici","item":"https:\/\/www.vilademuro.net\/es\/"},{"@type":"ListItem","position":2,"name":"Ayuntamiento","item":"https:\/\/www.vilademuro.net\/es\/ajuntament\/"},{"@type":"ListItem","position":3,"name":"PSPV-PSOE"}]},{"@type":"WebSite","@id":"https:\/\/www.vilademuro.net\/es\/#website","url":"https:\/\/www.vilademuro.net\/es\/","name":"Ajuntament de Muro d'Alcoi","description":"P\u00e1gina web oficial de l&#039;Ajuntament de Muro","publisher":{"@id":"https:\/\/www.vilademuro.net\/es\/#organization"},"potentialAction":[{"@type":"SearchAction","target":{"@type":"EntryPoint","urlTemplate":"https:\/\/www.vilademuro.net\/es\/?s={search_term_string}"},"query-input":{"@type":"PropertyValueSpecification","valueRequired":true,"valueName":"search_term_string"}}],"inLanguage":"es"},{"@type":"Organization","@id":"https:\/\/www.vilademuro.net\/es\/#organization","name":"Ajuntament de Muro","url":"https:\/\/www.vilademuro.net\/es\/","logo":{"@type":"ImageObject","inLanguage":"es","@id":"https:\/\/www.vilademuro.net\/es\/#\/schema\/logo\/image\/","url":"https:\/\/www.vilademuro.net\/wp-content\/uploads\/2022\/10\/LOGO3-2.jpg","contentUrl":"https:\/\/www.vilademuro.net\/wp-content\/uploads\/2022\/10\/LOGO3-2.jpg","width":756,"height":517,"caption":"Ajuntament de Muro"},"image":{"@id":"https:\/\/www.vilademuro.net\/es\/#\/schema\/logo\/image\/"},"sameAs":["https:\/\/www.facebook.com\/murodealcoy","https:\/\/x.com\/AjuntamentMuro","https:\/\/www.youtube.com\/channel\/UC2rwbKfRqsd1Ncwm6Y1prQw"]}]}},"_links":{"self":[{"href":"https:\/\/www.vilademuro.net\/es\/wp-json\/wp\/v2\/pages\/35509","targetHints":{"allow":["GET"]}}],"collection":[{"href":"https:\/\/www.vilademuro.net\/es\/wp-json\/wp\/v2\/pages"}],"about":[{"href":"https:\/\/www.vilademuro.net\/es\/wp-json\/wp\/v2\/types\/page"}],"author":[{"embeddable":true,"href":"https:\/\/www.vilademuro.net\/es\/wp-json\/wp\/v2\/users\/1"}],"replies":[{"embeddable":true,"href":"https:\/\/www.vilademuro.net\/es\/wp-json\/wp\/v2\/comments?post=35509"}],"version-history":[{"count":0,"href":"https:\/\/www.vilademuro.net\/es\/wp-json\/wp\/v2\/pages\/35509\/revisions"}],"up":[{"embeddable":true,"href":"https:\/\/www.vilademuro.net\/es\/wp-json\/wp\/v2\/pages\/35507"}],"wp:attachment":[{"href":"https:\/\/www.vilademuro.net\/es\/wp-json\/wp\/v2\/media?parent=35509"}],"curies":[{"name":"wp","href":"https:\/\/api.w.org\/{rel}","templated":true}]}}

<p>[et_pb_section fb_built=»1&#8243; _builder_version=»4.0.5&#8243;][et_pb_row _builder_version=»4.0.5&#8243;][et_pb_column _builder_version=»4.0.5&#8243; type=»4_4&#8243;][et_pb_text _builder_version=»4.0.5&#8243; text_font=»|700|||||||» text_text_color=»#e02b20&#8243; text_font_size=»40px» text_orientation=»center» hover_enabled=»0&#8243;]Protagonicemos el cambio&#8230;<br />
[/et_pb_text][/et_pb_column][/et_pb_row][et_pb_row _builder_version=»4.0.5&#8243;][et_pb_column _builder_version=»4.0.5&#8243; type=»4_4&#8243;][et_pb_text _builder_version=»4.0.5&#8243; hover_enabled=»0&#8243;]Bienvenidos a la página web del Grupo Municipal PSPV-PSOE del M.I. Ayuntamiento de Muro del Alcoy. En esta ventana queremos darte información de actividades, acciones y propuestas del PSPV-PSOE de Muro. Si quieres ponerte en contacto con nosotros solo tienes que enviar un e-mail a la dirección de correo electrónico:  <a href="mailto:psoe@vilademuro.net">psoe@vilademuro.net</a>. Nuestra página web es: <a href="https://www.murodealcoy.psoe.es/">www.murodealcoy.psoe.es</a></p>
<p>Este es nuestro equipo con el que vamos a protagonizar el cambio&#8230;<br />
[/et_pb_text][/et_pb_column][/et_pb_row][et_pb_row _builder_version=»4.0.5&#8243;][et_pb_column _builder_version=»4.0.5&#8243; type=»4_4&#8243;][et_pb_image src=»https://www.vilademuro.net/wp-content/uploads/2020/01/EQUIPO-PSOE.jpeg» _builder_version=»4.0.5&#8243; align=»center» hover_enabled=»0&#8243;][/et_pb_image][/et_pb_column][/et_pb_row][et_pb_row _builder_version=»4.0.5&#8243;][et_pb_column _builder_version=»4.0.5&#8243; type=»4_4&#8243;][et_pb_text _builder_version=»4.0.5&#8243; hover_enabled=»0&#8243;]Pinchando encima de cada imagen, logotipo o palabra clave (que encuentres destacada en negrita), te vamos a remitir a la página correspondiente para darte la información deseada. Esperamos que te sea útil. Un saludo.<br />
[/et_pb_text][/et_pb_column][/et_pb_row][et_pb_row _builder_version=»4.0.5&#8243; column_structure=»1_6,1_6,1_6,1_6,1_6,1_6&#8243; use_custom_gutter=»on» gutter_width=»1&#8243; hover_enabled=»0&#8243;][et_pb_column _builder_version=»4.0.5&#8243; type=»1_6&#8243;][/et_pb_column][et_pb_column _builder_version=»4.0.5&#8243; type=»1_6&#8243;][et_pb_image src=»https://www.vilademuro.net/wp-content/uploads/2020/01/logopsoe.gif» _builder_version=»4.0.5&#8243; hover_enabled=»0&#8243; align=»right»][/et_pb_image][/et_pb_column][et_pb_column _builder_version=»4.0.5&#8243; type=»1_6&#8243;][et_pb_image src=»https://www.vilademuro.net/wp-content/uploads/2020/01/img007.jpg» _builder_version=»4.0.5&#8243; hover_enabled=»0&#8243; module_alignment=»left»][/et_pb_image][/et_pb_column][et_pb_column _builder_version=»4.0.5&#8243; type=»1_6&#8243;][et_pb_image src=»https://www.vilademuro.net/wp-content/uploads/2020/01/ugt.gif» _builder_version=»4.0.5&#8243; width=»140%» hover_enabled=»0&#8243;][/et_pb_image][/et_pb_column][et_pb_column _builder_version=»4.0.5&#8243; type=»1_6&#8243;][/et_pb_column][et_pb_column _builder_version=»4.0.5&#8243; type=»1_6&#8243;][/et_pb_column][/et_pb_row][/et_pb_section]</p>

<p>Protagonicemos el cambio&#8230; Bienvenidos a la página web del Grupo Municipal PSPV-PSOE del M.I. Ayuntamiento de Muro del Alcoy. En esta ventana queremos darte información de actividades, acciones y propuestas [&hellip;]</p>

<!-- This site is optimized with the Yoast SEO plugin v27.1.1 - https://yoast.com/product/yoast-seo-wordpress/ -->
<title>PSPV-PSOE | Ajuntament de Muro</title>
<meta name="robots" content="index, follow, max-snippet:-1, max-image-preview:large, max-video-preview:-1" />
<link rel="canonical" href="https://www.vilademuro.net/es/ayuntamiento/pspv-psoe/" />
<meta property="og:locale" content="es_ES" />
<meta property="og:type" content="article" />
<meta property="og:title" content="PSPV-PSOE | Ajuntament de Muro" />
<meta property="og:description" content="Protagonicemos el cambio... Bienvenidos a la página web del Grupo Municipal PSPV-PSOE del M.I. Ayuntamiento de Muro del Alcoy. En esta ventana queremos darte información de actividades, acciones y propuestas [&hellip;]" />
<meta property="og:url" content="https://www.vilademuro.net/es/ayuntamiento/pspv-psoe/" />
<meta property="og:site_name" content="Ajuntament de Muro" />
<meta property="article:publisher" content="https://www.facebook.com/murodealcoy" />
<meta property="article:modified_time" content="2020-01-30T12:15:49+00:00" />
<meta property="og:image" content="https://www.vilademuro.net/wp-content/uploads/2019/12/logo-color-e1585225385776.jpg" />
	<meta property="og:image:width" content="30" />
	<meta property="og:image:height" content="59" />
	<meta property="og:image:type" content="image/jpeg" />
<meta name="twitter:card" content="summary_large_image" />
<meta name="twitter:site" content="@AjuntamentMuro" />
<meta name="twitter:label1" content="Tiempo de lectura" />
	<meta name="twitter:data1" content="2 minutos" />
<script type="application/ld+json" class="yoast-schema-graph">{"@context":"https://schema.org","@graph":[{"@type":"WebPage","@id":"https://www.vilademuro.net/es/ayuntamiento/pspv-psoe/","url":"https://www.vilademuro.net/es/ayuntamiento/pspv-psoe/","name":"PSPV-PSOE | Ajuntament de Muro","isPartOf":{"@id":"https://www.vilademuro.net/es/#website"},"datePublished":"2020-01-09T06:50:56+00:00","dateModified":"2020-01-30T12:15:49+00:00","breadcrumb":{"@id":"https://www.vilademuro.net/es/ayuntamiento/pspv-psoe/#breadcrumb"},"inLanguage":"es","potentialAction":[{"@type":"ReadAction","target":["https://www.vilademuro.net/es/ayuntamiento/pspv-psoe/"]}]},{"@type":"BreadcrumbList","@id":"https://www.vilademuro.net/es/ayuntamiento/pspv-psoe/#breadcrumb","itemListElement":[{"@type":"ListItem","position":1,"name":"Inici","item":"https://www.vilademuro.net/es/"},{"@type":"ListItem","position":2,"name":"Ayuntamiento","item":"https://www.vilademuro.net/es/ajuntament/"},{"@type":"ListItem","position":3,"name":"PSPV-PSOE"}]},{"@type":"WebSite","@id":"https://www.vilademuro.net/es/#website","url":"https://www.vilademuro.net/es/","name":"Ajuntament de Muro d'Alcoi","description":"Página web oficial de l&#039;Ajuntament de Muro","publisher":{"@id":"https://www.vilademuro.net/es/#organization"},"potentialAction":[{"@type":"SearchAction","target":{"@type":"EntryPoint","urlTemplate":"https://www.vilademuro.net/es/?s={search_term_string}"},"query-input":{"@type":"PropertyValueSpecification","valueRequired":true,"valueName":"search_term_string"}}],"inLanguage":"es"},{"@type":"Organization","@id":"https://www.vilademuro.net/es/#organization","name":"Ajuntament de Muro","url":"https://www.vilademuro.net/es/","logo":{"@type":"ImageObject","inLanguage":"es","@id":"https://www.vilademuro.net/es/#/schema/logo/image/","url":"https://www.vilademuro.net/wp-content/uploads/2022/10/LOGO3-2.jpg","contentUrl":"https://www.vilademuro.net/wp-content/uploads/2022/10/LOGO3-2.jpg","width":756,"height":517,"caption":"Ajuntament de Muro"},"image":{"@id":"https://www.vilademuro.net/es/#/schema/logo/image/"},"sameAs":["https://www.facebook.com/murodealcoy","https://x.com/AjuntamentMuro","https://www.youtube.com/channel/UC2rwbKfRqsd1Ncwm6Y1prQw"]}]}</script>
<!-- / Yoast SEO plugin. -->

Protagonicemos el cambio... Bienvenidos a la página web del Grupo Municipal PSPV-PSOE del M.I. Ayuntamiento de Muro del Alcoy. En esta ventana queremos darte información de actividades, acciones y propuestas [&hellip;]

Página web oficial de l&#039;Ajuntament de Muro
