{"id":35505,"date":"2020-01-09T08:03:15","date_gmt":"2020-01-09T07:03:15","guid":{"rendered":"https:\/\/www.vilademuro.net\/grupos-politicos\/pp\/"},"modified":"2020-01-30T12:12:19","modified_gmt":"2020-01-30T12:12:19","slug":"pp","status":"publish","type":"page","link":"https:\/\/www.vilademuro.net\/es\/ayuntamiento\/pp\/","title":{"rendered":"PP"},"content":{"rendered":"<p>[et_pb_section fb_built=\u00bb1&#8243; _builder_version=\u00bb4.0.5&#8243;][et_pb_row _builder_version=\u00bb4.0.5&#8243;][et_pb_column _builder_version=\u00bb4.0.5&#8243; type=\u00bb4_4&#8243;][et_pb_image src=\u00bbhttps:\/\/www.vilademuro.net\/wp-content\/uploads\/2020\/01\/logo-pp.jpg\u00bb _builder_version=\u00bb4.0.5&#8243; align=\u00bbcenter\u00bb hover_enabled=\u00bb0&#8243;][\/et_pb_image][\/et_pb_column][\/et_pb_row][et_pb_row _builder_version=\u00bb4.0.5&#8243;][et_pb_column _builder_version=\u00bb4.0.5&#8243; type=\u00bb4_4&#8243;][et_pb_text _builder_version=\u00bb4.0.5&#8243; text_orientation=\u00bbcenter\u00bb hover_enabled=\u00bb0&#8243;]El Partido Popular de Muro quiere dar la posibilidad de participar activamente a todos los habitantes de la pobalci\u00f3n a tav\u00e9s de nuestra p\u00e1gina en Facebook.<\/p>\n<p>Pode\u00eds acceder mediante el siguiente link:<br \/>\n[\/et_pb_text][et_pb_social_media_follow _builder_version=\u00bb4.0.5&#8243; text_orientation=\u00bbcenter\u00bb use_icon_font_size=\u00bbon\u00bb icon_font_size=\u00bb26px\u00bb hover_enabled=\u00bb0&#8243;][et_pb_social_media_follow_network social_network=\u00bbfacebook\u00bb background_color=\u00bb#3b5998&#8243; _builder_version=\u00bb4.0.5&#8243; follow_button=\u00bboff\u00bb url_new_window=\u00bbon\u00bb url=\u00bb https:\/\/es-es.facebook.com\/pages\/PP-Muro-de-Alcoy\/122785384452031&#8243; hover_enabled=\u00bb0&#8243;]facebook[\/et_pb_social_media_follow_network][\/et_pb_social_media_follow][\/et_pb_column][\/et_pb_row][et_pb_row _builder_version=\u00bb4.0.5&#8243;][et_pb_column _builder_version=\u00bb4.0.5&#8243; type=\u00bb4_4&#8243;][et_pb_text _builder_version=\u00bb4.0.5&#8243; text_orientation=\u00bbcenter\u00bb hover_enabled=\u00bb0&#8243;]<\/p>\n<p><strong>C\/ Rafael Ram\u00edrez Tortosa, 5<\/strong><br \/> <a href=\"mailto:partidopopularmuro@gmail.com\">partidopopularmuro@gmail.com<\/a><br \/> <a href=\"mailto:ppmurodelalcoy@hotmail.com\">ppmurodelalcoy@hotmail.com<\/a><br \/> <a href=\"https:\/\/www.facebook.com\/PPmuro\">https:\/\/www.facebook.com\/PPmuro<\/a><\/p>\n<p>[\/et_pb_text][\/et_pb_column][\/et_pb_row][\/et_pb_section][et_pb_section fb_built=\u00bb1&#8243; _builder_version=\u00bb4.0.5&#8243; background_color=\u00bb#F3F3F3&#8243; hover_enabled=\u00bb0&#8243;][et_pb_row _builder_version=\u00bb4.0.5&#8243;][et_pb_column _builder_version=\u00bb4.0.5&#8243; type=\u00bb4_4&#8243;][et_pb_text _builder_version=\u00bb4.0.5&#8243; hover_enabled=\u00bb0&#8243; text_orientation=\u00bbcenter\u00bb text_font_size=\u00bb20px\u00bb text_font=\u00bb|600|||||||\u00bb]<a href=\"https:\/\/www.vilademuro.net\/wp-content\/uploads\/2020\/01\/1-MURO-ACTUALITAT.pdf\" rel=\"attachment wp-att-32296\">N\u00ba1 MURO ACTUALITAT<\/a><\/p>\n<p><a href=\"https:\/\/www.vilademuro.net\/wp-content\/uploads\/2020\/01\/2-MURO-ACTUALITAT.pdf\" rel=\"attachment wp-att-32298\">N\u00ba2 MURO ACTUALITAT<\/a><\/p>\n<p><a href=\"https:\/\/www.vilademuro.net\/wp-content\/uploads\/2020\/01\/3-MURO-ACTUALITAT.pdf\" rel=\"attachment wp-att-32300\">N\u00ba3 MURO ACTUALITAT<\/a><\/p>\n<p><a href=\"https:\/\/www.vilademuro.net\/wp-content\/uploads\/2020\/01\/Revista-PP-MURO-2011-trz1.pdf\" rel=\"attachment wp-att-32302\">Revista AMB<\/a>[\/et_pb_text][\/et_pb_column][\/et_pb_row][\/et_pb_section]<\/p>\n","protected":false},"excerpt":{"rendered":"<p>El Partido Popular de Muro quiere dar la posibilidad de participar activamente a todos los habitantes de la pobalci\u00f3n a tav\u00e9s de nuestra p\u00e1gina en Facebook. Pode\u00eds acceder mediante el [&hellip;]<\/p>\n","protected":false},"author":1,"featured_media":0,"parent":35507,"menu_order":0,"comment_status":"closed","ping_status":"closed","template":"","meta":{"_et_pb_use_builder":"on","_et_pb_old_content":"","_et_gb_content_width":"","footnotes":""},"class_list":["post-35505","page","type-page","status-publish","hentry"],"yoast_head":"<!-- This site is optimized with the Yoast SEO plugin v27.1.1 - https:\/\/yoast.com\/product\/yoast-seo-wordpress\/ -->\n<title>PP | Ajuntament de Muro<\/title>\n<meta name=\"robots\" content=\"index, follow, max-snippet:-1, max-image-preview:large, max-video-preview:-1\" \/>\n<link rel=\"canonical\" href=\"https:\/\/www.vilademuro.net\/es\/ayuntamiento\/pp\/\" \/>\n<meta property=\"og:locale\" content=\"es_ES\" \/>\n<meta property=\"og:type\" content=\"article\" \/>\n<meta property=\"og:title\" content=\"PP | Ajuntament de Muro\" \/>\n<meta property=\"og:description\" content=\"El Partido Popular de Muro quiere dar la posibilidad de participar activamente a todos los habitantes de la pobalci\u00f3n a tav\u00e9s de nuestra p\u00e1gina en Facebook. Pode\u00eds acceder mediante el [&hellip;]\" \/>\n<meta property=\"og:url\" content=\"https:\/\/www.vilademuro.net\/es\/ayuntamiento\/pp\/\" \/>\n<meta property=\"og:site_name\" content=\"Ajuntament de Muro\" \/>\n<meta property=\"article:publisher\" content=\"https:\/\/www.facebook.com\/murodealcoy\" \/>\n<meta property=\"article:modified_time\" content=\"2020-01-30T12:12:19+00:00\" \/>\n<meta property=\"og:image\" content=\"https:\/\/www.vilademuro.net\/wp-content\/uploads\/2019\/12\/logo-color-e1585225385776.jpg\" \/>\n\t<meta property=\"og:image:width\" content=\"30\" \/>\n\t<meta property=\"og:image:height\" content=\"59\" \/>\n\t<meta property=\"og:image:type\" content=\"image\/jpeg\" \/>\n<meta name=\"twitter:card\" content=\"summary_large_image\" \/>\n<meta name=\"twitter:site\" content=\"@AjuntamentMuro\" \/>\n<meta name=\"twitter:label1\" content=\"Tiempo de lectura\" \/>\n\t<meta name=\"twitter:data1\" content=\"1 minuto\" \/>\n<script type=\"application\/ld+json\" class=\"yoast-schema-graph\">{\"@context\":\"https:\/\/schema.org\",\"@graph\":[{\"@type\":\"WebPage\",\"@id\":\"https:\/\/www.vilademuro.net\/es\/ayuntamiento\/pp\/\",\"url\":\"https:\/\/www.vilademuro.net\/es\/ayuntamiento\/pp\/\",\"name\":\"PP | Ajuntament de Muro\",\"isPartOf\":{\"@id\":\"https:\/\/www.vilademuro.net\/es\/#website\"},\"datePublished\":\"2020-01-09T07:03:15+00:00\",\"dateModified\":\"2020-01-30T12:12:19+00:00\",\"breadcrumb\":{\"@id\":\"https:\/\/www.vilademuro.net\/es\/ayuntamiento\/pp\/#breadcrumb\"},\"inLanguage\":\"es\",\"potentialAction\":[{\"@type\":\"ReadAction\",\"target\":[\"https:\/\/www.vilademuro.net\/es\/ayuntamiento\/pp\/\"]}]},{\"@type\":\"BreadcrumbList\",\"@id\":\"https:\/\/www.vilademuro.net\/es\/ayuntamiento\/pp\/#breadcrumb\",\"itemListElement\":[{\"@type\":\"ListItem\",\"position\":1,\"name\":\"Inici\",\"item\":\"https:\/\/www.vilademuro.net\/es\/\"},{\"@type\":\"ListItem\",\"position\":2,\"name\":\"Ayuntamiento\",\"item\":\"https:\/\/www.vilademuro.net\/es\/ajuntament\/\"},{\"@type\":\"ListItem\",\"position\":3,\"name\":\"PP\"}]},{\"@type\":\"WebSite\",\"@id\":\"https:\/\/www.vilademuro.net\/es\/#website\",\"url\":\"https:\/\/www.vilademuro.net\/es\/\",\"name\":\"Ajuntament de Muro d'Alcoi\",\"description\":\"P\u00e1gina web oficial de l&#039;Ajuntament de Muro\",\"publisher\":{\"@id\":\"https:\/\/www.vilademuro.net\/es\/#organization\"},\"potentialAction\":[{\"@type\":\"SearchAction\",\"target\":{\"@type\":\"EntryPoint\",\"urlTemplate\":\"https:\/\/www.vilademuro.net\/es\/?s={search_term_string}\"},\"query-input\":{\"@type\":\"PropertyValueSpecification\",\"valueRequired\":true,\"valueName\":\"search_term_string\"}}],\"inLanguage\":\"es\"},{\"@type\":\"Organization\",\"@id\":\"https:\/\/www.vilademuro.net\/es\/#organization\",\"name\":\"Ajuntament de Muro\",\"url\":\"https:\/\/www.vilademuro.net\/es\/\",\"logo\":{\"@type\":\"ImageObject\",\"inLanguage\":\"es\",\"@id\":\"https:\/\/www.vilademuro.net\/es\/#\/schema\/logo\/image\/\",\"url\":\"https:\/\/www.vilademuro.net\/wp-content\/uploads\/2022\/10\/LOGO3-2.jpg\",\"contentUrl\":\"https:\/\/www.vilademuro.net\/wp-content\/uploads\/2022\/10\/LOGO3-2.jpg\",\"width\":756,\"height\":517,\"caption\":\"Ajuntament de Muro\"},\"image\":{\"@id\":\"https:\/\/www.vilademuro.net\/es\/#\/schema\/logo\/image\/\"},\"sameAs\":[\"https:\/\/www.facebook.com\/murodealcoy\",\"https:\/\/x.com\/AjuntamentMuro\",\"https:\/\/www.youtube.com\/channel\/UC2rwbKfRqsd1Ncwm6Y1prQw\"]}]}<\/script>\n<!-- \/ Yoast SEO plugin. -->","yoast_head_json":{"title":"PP | Ajuntament de Muro","robots":{"index":"index","follow":"follow","max-snippet":"max-snippet:-1","max-image-preview":"max-image-preview:large","max-video-preview":"max-video-preview:-1"},"canonical":"https:\/\/www.vilademuro.net\/es\/ayuntamiento\/pp\/","og_locale":"es_ES","og_type":"article","og_title":"PP | Ajuntament de Muro","og_description":"El Partido Popular de Muro quiere dar la posibilidad de participar activamente a todos los habitantes de la pobalci\u00f3n a tav\u00e9s de nuestra p\u00e1gina en Facebook. Pode\u00eds acceder mediante el [&hellip;]","og_url":"https:\/\/www.vilademuro.net\/es\/ayuntamiento\/pp\/","og_site_name":"Ajuntament de Muro","article_publisher":"https:\/\/www.facebook.com\/murodealcoy","article_modified_time":"2020-01-30T12:12:19+00:00","og_image":[{"width":30,"height":59,"url":"https:\/\/www.vilademuro.net\/wp-content\/uploads\/2019\/12\/logo-color-e1585225385776.jpg","type":"image\/jpeg"}],"twitter_card":"summary_large_image","twitter_site":"@AjuntamentMuro","twitter_misc":{"Tiempo de lectura":"1 minuto"},"schema":{"@context":"https:\/\/schema.org","@graph":[{"@type":"WebPage","@id":"https:\/\/www.vilademuro.net\/es\/ayuntamiento\/pp\/","url":"https:\/\/www.vilademuro.net\/es\/ayuntamiento\/pp\/","name":"PP | Ajuntament de Muro","isPartOf":{"@id":"https:\/\/www.vilademuro.net\/es\/#website"},"datePublished":"2020-01-09T07:03:15+00:00","dateModified":"2020-01-30T12:12:19+00:00","breadcrumb":{"@id":"https:\/\/www.vilademuro.net\/es\/ayuntamiento\/pp\/#breadcrumb"},"inLanguage":"es","potentialAction":[{"@type":"ReadAction","target":["https:\/\/www.vilademuro.net\/es\/ayuntamiento\/pp\/"]}]},{"@type":"BreadcrumbList","@id":"https:\/\/www.vilademuro.net\/es\/ayuntamiento\/pp\/#breadcrumb","itemListElement":[{"@type":"ListItem","position":1,"name":"Inici","item":"https:\/\/www.vilademuro.net\/es\/"},{"@type":"ListItem","position":2,"name":"Ayuntamiento","item":"https:\/\/www.vilademuro.net\/es\/ajuntament\/"},{"@type":"ListItem","position":3,"name":"PP"}]},{"@type":"WebSite","@id":"https:\/\/www.vilademuro.net\/es\/#website","url":"https:\/\/www.vilademuro.net\/es\/","name":"Ajuntament de Muro d'Alcoi","description":"P\u00e1gina web oficial de l&#039;Ajuntament de Muro","publisher":{"@id":"https:\/\/www.vilademuro.net\/es\/#organization"},"potentialAction":[{"@type":"SearchAction","target":{"@type":"EntryPoint","urlTemplate":"https:\/\/www.vilademuro.net\/es\/?s={search_term_string}"},"query-input":{"@type":"PropertyValueSpecification","valueRequired":true,"valueName":"search_term_string"}}],"inLanguage":"es"},{"@type":"Organization","@id":"https:\/\/www.vilademuro.net\/es\/#organization","name":"Ajuntament de Muro","url":"https:\/\/www.vilademuro.net\/es\/","logo":{"@type":"ImageObject","inLanguage":"es","@id":"https:\/\/www.vilademuro.net\/es\/#\/schema\/logo\/image\/","url":"https:\/\/www.vilademuro.net\/wp-content\/uploads\/2022\/10\/LOGO3-2.jpg","contentUrl":"https:\/\/www.vilademuro.net\/wp-content\/uploads\/2022\/10\/LOGO3-2.jpg","width":756,"height":517,"caption":"Ajuntament de Muro"},"image":{"@id":"https:\/\/www.vilademuro.net\/es\/#\/schema\/logo\/image\/"},"sameAs":["https:\/\/www.facebook.com\/murodealcoy","https:\/\/x.com\/AjuntamentMuro","https:\/\/www.youtube.com\/channel\/UC2rwbKfRqsd1Ncwm6Y1prQw"]}]}},"_links":{"self":[{"href":"https:\/\/www.vilademuro.net\/es\/wp-json\/wp\/v2\/pages\/35505","targetHints":{"allow":["GET"]}}],"collection":[{"href":"https:\/\/www.vilademuro.net\/es\/wp-json\/wp\/v2\/pages"}],"about":[{"href":"https:\/\/www.vilademuro.net\/es\/wp-json\/wp\/v2\/types\/page"}],"author":[{"embeddable":true,"href":"https:\/\/www.vilademuro.net\/es\/wp-json\/wp\/v2\/users\/1"}],"replies":[{"embeddable":true,"href":"https:\/\/www.vilademuro.net\/es\/wp-json\/wp\/v2\/comments?post=35505"}],"version-history":[{"count":0,"href":"https:\/\/www.vilademuro.net\/es\/wp-json\/wp\/v2\/pages\/35505\/revisions"}],"up":[{"embeddable":true,"href":"https:\/\/www.vilademuro.net\/es\/wp-json\/wp\/v2\/pages\/35507"}],"wp:attachment":[{"href":"https:\/\/www.vilademuro.net\/es\/wp-json\/wp\/v2\/media?parent=35505"}],"curies":[{"name":"wp","href":"https:\/\/api.w.org\/{rel}","templated":true}]}}

<p>[et_pb_section fb_built=»1&#8243; _builder_version=»4.0.5&#8243;][et_pb_row _builder_version=»4.0.5&#8243;][et_pb_column _builder_version=»4.0.5&#8243; type=»4_4&#8243;][et_pb_image src=»https://www.vilademuro.net/wp-content/uploads/2020/01/logo-pp.jpg» _builder_version=»4.0.5&#8243; align=»center» hover_enabled=»0&#8243;][/et_pb_image][/et_pb_column][/et_pb_row][et_pb_row _builder_version=»4.0.5&#8243;][et_pb_column _builder_version=»4.0.5&#8243; type=»4_4&#8243;][et_pb_text _builder_version=»4.0.5&#8243; text_orientation=»center» hover_enabled=»0&#8243;]El Partido Popular de Muro quiere dar la posibilidad de participar activamente a todos los habitantes de la pobalción a tavés de nuestra página en Facebook.</p>
<p>Podeís acceder mediante el siguiente link:<br />
[/et_pb_text][et_pb_social_media_follow _builder_version=»4.0.5&#8243; text_orientation=»center» use_icon_font_size=»on» icon_font_size=»26px» hover_enabled=»0&#8243;][et_pb_social_media_follow_network social_network=»facebook» background_color=»#3b5998&#8243; _builder_version=»4.0.5&#8243; follow_button=»off» url_new_window=»on» url=» https://es-es.facebook.com/pages/PP-Muro-de-Alcoy/122785384452031&#8243; hover_enabled=»0&#8243;]facebook[/et_pb_social_media_follow_network][/et_pb_social_media_follow][/et_pb_column][/et_pb_row][et_pb_row _builder_version=»4.0.5&#8243;][et_pb_column _builder_version=»4.0.5&#8243; type=»4_4&#8243;][et_pb_text _builder_version=»4.0.5&#8243; text_orientation=»center» hover_enabled=»0&#8243;]</p>
<p><strong>C/ Rafael Ramírez Tortosa, 5</strong><br /> <a href="mailto:partidopopularmuro@gmail.com">partidopopularmuro@gmail.com</a><br /> <a href="mailto:ppmurodelalcoy@hotmail.com">ppmurodelalcoy@hotmail.com</a><br /> <a href="https://www.facebook.com/PPmuro">https://www.facebook.com/PPmuro</a></p>
<p>[/et_pb_text][/et_pb_column][/et_pb_row][/et_pb_section][et_pb_section fb_built=»1&#8243; _builder_version=»4.0.5&#8243; background_color=»#F3F3F3&#8243; hover_enabled=»0&#8243;][et_pb_row _builder_version=»4.0.5&#8243;][et_pb_column _builder_version=»4.0.5&#8243; type=»4_4&#8243;][et_pb_text _builder_version=»4.0.5&#8243; hover_enabled=»0&#8243; text_orientation=»center» text_font_size=»20px» text_font=»|600|||||||»]<a href="https://www.vilademuro.net/wp-content/uploads/2020/01/1-MURO-ACTUALITAT.pdf" rel="attachment wp-att-32296">Nº1 MURO ACTUALITAT</a></p>
<p><a href="https://www.vilademuro.net/wp-content/uploads/2020/01/2-MURO-ACTUALITAT.pdf" rel="attachment wp-att-32298">Nº2 MURO ACTUALITAT</a></p>
<p><a href="https://www.vilademuro.net/wp-content/uploads/2020/01/3-MURO-ACTUALITAT.pdf" rel="attachment wp-att-32300">Nº3 MURO ACTUALITAT</a></p>
<p><a href="https://www.vilademuro.net/wp-content/uploads/2020/01/Revista-PP-MURO-2011-trz1.pdf" rel="attachment wp-att-32302">Revista AMB</a>[/et_pb_text][/et_pb_column][/et_pb_row][/et_pb_section]</p>

<p>El Partido Popular de Muro quiere dar la posibilidad de participar activamente a todos los habitantes de la pobalción a tavés de nuestra página en Facebook. Podeís acceder mediante el [&hellip;]</p>

<!-- This site is optimized with the Yoast SEO plugin v27.1.1 - https://yoast.com/product/yoast-seo-wordpress/ -->
<title>PP | Ajuntament de Muro</title>
<meta name="robots" content="index, follow, max-snippet:-1, max-image-preview:large, max-video-preview:-1" />
<link rel="canonical" href="https://www.vilademuro.net/es/ayuntamiento/pp/" />
<meta property="og:locale" content="es_ES" />
<meta property="og:type" content="article" />
<meta property="og:title" content="PP | Ajuntament de Muro" />
<meta property="og:description" content="El Partido Popular de Muro quiere dar la posibilidad de participar activamente a todos los habitantes de la pobalción a tavés de nuestra página en Facebook. Podeís acceder mediante el [&hellip;]" />
<meta property="og:url" content="https://www.vilademuro.net/es/ayuntamiento/pp/" />
<meta property="og:site_name" content="Ajuntament de Muro" />
<meta property="article:publisher" content="https://www.facebook.com/murodealcoy" />
<meta property="article:modified_time" content="2020-01-30T12:12:19+00:00" />
<meta property="og:image" content="https://www.vilademuro.net/wp-content/uploads/2019/12/logo-color-e1585225385776.jpg" />
	<meta property="og:image:width" content="30" />
	<meta property="og:image:height" content="59" />
	<meta property="og:image:type" content="image/jpeg" />
<meta name="twitter:card" content="summary_large_image" />
<meta name="twitter:site" content="@AjuntamentMuro" />
<meta name="twitter:label1" content="Tiempo de lectura" />
	<meta name="twitter:data1" content="1 minuto" />
<script type="application/ld+json" class="yoast-schema-graph">{"@context":"https://schema.org","@graph":[{"@type":"WebPage","@id":"https://www.vilademuro.net/es/ayuntamiento/pp/","url":"https://www.vilademuro.net/es/ayuntamiento/pp/","name":"PP | Ajuntament de Muro","isPartOf":{"@id":"https://www.vilademuro.net/es/#website"},"datePublished":"2020-01-09T07:03:15+00:00","dateModified":"2020-01-30T12:12:19+00:00","breadcrumb":{"@id":"https://www.vilademuro.net/es/ayuntamiento/pp/#breadcrumb"},"inLanguage":"es","potentialAction":[{"@type":"ReadAction","target":["https://www.vilademuro.net/es/ayuntamiento/pp/"]}]},{"@type":"BreadcrumbList","@id":"https://www.vilademuro.net/es/ayuntamiento/pp/#breadcrumb","itemListElement":[{"@type":"ListItem","position":1,"name":"Inici","item":"https://www.vilademuro.net/es/"},{"@type":"ListItem","position":2,"name":"Ayuntamiento","item":"https://www.vilademuro.net/es/ajuntament/"},{"@type":"ListItem","position":3,"name":"PP"}]},{"@type":"WebSite","@id":"https://www.vilademuro.net/es/#website","url":"https://www.vilademuro.net/es/","name":"Ajuntament de Muro d'Alcoi","description":"Página web oficial de l&#039;Ajuntament de Muro","publisher":{"@id":"https://www.vilademuro.net/es/#organization"},"potentialAction":[{"@type":"SearchAction","target":{"@type":"EntryPoint","urlTemplate":"https://www.vilademuro.net/es/?s={search_term_string}"},"query-input":{"@type":"PropertyValueSpecification","valueRequired":true,"valueName":"search_term_string"}}],"inLanguage":"es"},{"@type":"Organization","@id":"https://www.vilademuro.net/es/#organization","name":"Ajuntament de Muro","url":"https://www.vilademuro.net/es/","logo":{"@type":"ImageObject","inLanguage":"es","@id":"https://www.vilademuro.net/es/#/schema/logo/image/","url":"https://www.vilademuro.net/wp-content/uploads/2022/10/LOGO3-2.jpg","contentUrl":"https://www.vilademuro.net/wp-content/uploads/2022/10/LOGO3-2.jpg","width":756,"height":517,"caption":"Ajuntament de Muro"},"image":{"@id":"https://www.vilademuro.net/es/#/schema/logo/image/"},"sameAs":["https://www.facebook.com/murodealcoy","https://x.com/AjuntamentMuro","https://www.youtube.com/channel/UC2rwbKfRqsd1Ncwm6Y1prQw"]}]}</script>
<!-- / Yoast SEO plugin. -->

El Partido Popular de Muro quiere dar la posibilidad de participar activamente a todos los habitantes de la pobalción a tavés de nuestra página en Facebook. Podeís acceder mediante el [&hellip;]

Página web oficial de l&#039;Ajuntament de Muro
